{"id":919,"date":"2015-09-15T17:35:52","date_gmt":"2015-09-15T16:35:52","guid":{"rendered":"http:\/\/nebily.com.w013807b.kasserver.com\/shop\/unkategorisiert\/lebensmittel-motten-falle-profi\/"},"modified":"2026-04-26T18:50:43","modified_gmt":"2026-04-26T17:50:43","slug":"motten-falle-profi-basisfalle","status":"publish","type":"product","link":"https:\/\/www.nebily.com\/shop\/natuerlich-biologisch\/motten-falle-profi-basisfalle\/","title":{"rendered":"Mottenfalle &#8211; SET Trichterfalle Profi"},"content":{"rendered":"<h1 data-section-id=\"j1831t\" data-start=\"0\" data-end=\"84\">Lebensmittelmotten Trichterfalle Profi \u2013 Monitoring und Bek\u00e4mpfung in einem System<\/h1>\n<p data-start=\"86\" data-end=\"401\">Die hochwertige Trichterfalle aus Kunststoff wurde zur <strong data-start=\"141\" data-end=\"204\">effektiven \u00dcberwachung und Reduktion von Lebensmittelmotten<\/strong> entwickelt. Sie eignet sich besonders f\u00fcr anspruchsvolle Bereiche wie Backstuben oder die Lebensmittelproduktion, in denen Staub oder Feuchtigkeit den Einsatz herk\u00f6mmlicher Klebefallen erschweren.<\/p>\n<h2 data-section-id=\"16d7haf\" data-start=\"403\" data-end=\"436\">Ihre Vorteile auf einen Blick:<\/h2>\n<ul data-start=\"437\" data-end=\"717\">\n<li data-section-id=\"1cqauxa\" data-start=\"437\" data-end=\"495\">Monitoring und aktive Reduktion von Lebensmittelmotten<\/li>\n<li data-section-id=\"1ljse5j\" data-start=\"496\" data-end=\"547\">Ideal f\u00fcr staubige und feuchte Betriebsbereiche<\/li>\n<li data-section-id=\"1msendk\" data-start=\"548\" data-end=\"599\">Hohe Fangwirkung durch Pheromonlockstoff-System<\/li>\n<li data-section-id=\"1gbvlit\" data-start=\"600\" data-end=\"664\">Robuste Kunststoffausf\u00fchrung f\u00fcr den professionellen Einsatz<\/li>\n<li data-section-id=\"wj2d2\" data-start=\"665\" data-end=\"717\">Geeignet f\u00fcr Lebensmittelbetriebe und Produktion<\/li>\n<\/ul>\n<h3 data-section-id=\"jn7m65\" data-start=\"719\" data-end=\"739\"><span role=\"text\"><strong data-start=\"723\" data-end=\"739\">Wirkprinzip:<\/strong><\/span><\/h3>\n<p data-start=\"741\" data-end=\"999\">Die im Deckel eingesetzte Pheromonkapsel lockt m\u00e4nnliche Lebensmittelmotten gezielt an. Diese werden in die Falle geleitet und bleiben auf dem Klebeboden im Inneren haften. Dadurch wird der Bestand reduziert und gleichzeitig ein Befall zuverl\u00e4ssig \u00fcberwacht und bek\u00e4mpft.<\/p>\n<h3 data-section-id=\"ogejnb\" data-start=\"1001\" data-end=\"1019\"><span role=\"text\"><strong data-start=\"1005\" data-end=\"1019\">Anwendung:<\/strong><\/span><\/h3>\n<p data-start=\"1021\" data-end=\"1226\">Die Pheromonkapsel wird im Deckel der Falle platziert, der Klebeboden im Inneren eingesetzt. Die Falle wird anschlie\u00dfend in geeigneter H\u00f6he positioniert, um eine optimale Lock- und Fangwirkung zu erzielen.<\/p>\n<p data-start=\"1228\" data-end=\"1312\"><strong>Aufwandmenge: <\/strong>1 Falle pro ca. 100 m\u00b2, ideal in einer H\u00f6he von 2\u20133 Metern platzieren<\/p>\n<p data-start=\"1314\" data-end=\"1516\">\ud83d\udce6 <strong data-start=\"1317\" data-end=\"1336\">Produktdetails:<\/strong><\/p>\n<ul>\n<li data-start=\"1314\" data-end=\"1516\">Trichterfalle aus robustem Kunststoff<\/li>\n<li data-start=\"1314\" data-end=\"1516\">F\u00fcr Lebensmittelmotten geeignet (Ephestia &amp; Plodia)<\/li>\n<li data-start=\"1314\" data-end=\"1516\">Kombinierbar mit Pheromonkapseln und Klebeb\u00f6den<\/li>\n<li data-start=\"1314\" data-end=\"1516\">Reichweite ca. 100 m\u00b2 pro Falle<\/li>\n<\/ul>\n<p><strong>Lieferumfang:<\/strong><\/p>\n<ul>\n<li>Basis Trichterfalle<\/li>\n<li>1 <a href=\"https:\/\/www.nebily.com\/shop\/zubehoer\/pheromonlockstoff-fuer-lebensmittel-motten\/\" target=\"_blank\" rel=\"noopener noreferrer\">Lockstoff-Kapsel<\/a><\/li>\n<li>1 <a href=\"https:\/\/www.nebily.com\/shop\/natuerlich-biologisch\/klebeflaechen-fuer-mottentrichter-falle-profi\/\" target=\"_blank\" rel=\"noopener noreferrer\">Klebeboden<\/a><\/li>\n<\/ul>\n<p data-start=\"1518\" data-end=\"1700\">\u26a0\ufe0f <strong data-start=\"1521\" data-end=\"1542\">Wichtige Hinweise: <\/strong><\/p>\n<ul>\n<li data-start=\"1518\" data-end=\"1700\">Pheromonkapseln und Klebeb\u00f6den regelm\u00e4\u00dfig erneuern (sp\u00e4testens nach 3 Monaten).<\/li>\n<li data-start=\"1518\" data-end=\"1700\">Bei einem festgestellten Befall ist zus\u00e4tzlich die <strong>Ursachenanalyse und konsequente Reinigung der betroffenen Bereiche zwingend erforderlich<\/strong>, um eine nachhaltige Bek\u00e4mpfung sicherzustellen.<\/li>\n<\/ul>\n<p>&nbsp;<\/p>\n","protected":false},"excerpt":{"rendered":"<p>Lebensmittelmotten Trichterfalle Profi \u2013 Monitoring und Bek\u00e4mpfung in einem System Die hochwertige Trichterfalle aus Kunststoff wurde zur effektiven \u00dcberwachung und Reduktion von Lebensmittelmotten entwickelt. Sie eignet sich besonders f\u00fcr anspruchsvolle Bereiche wie Backstuben oder die Lebensmittelproduktion, in denen Staub oder Feuchtigkeit den Einsatz herk\u00f6mmlicher Klebefallen erschweren. Ihre Vorteile auf einen Blick: Monitoring und aktive Reduktion &hellip; <a href=\"https:\/\/www.nebily.com\/shop\/natuerlich-biologisch\/motten-falle-profi-basisfalle\/\">Continued<\/a><\/p>\n","protected":false},"featured_media":7432,"comment_status":"closed","ping_status":"closed","template":"","meta":[],"class_list":{"0":"post-919","1":"product","2":"type-product","3":"status-publish","4":"has-post-thumbnail","6":"product_cat-natuerlich-biologisch","7":"product_cat-schaedlingsvorsorge-haccp","8":"product_cat-fluginsekten","9":"product_tag-motten-im-lebensmittelbereich-bekaempfen","10":"product_tag-motten-in-baeckerei-bekaempfen","11":"product_tag-mottenbekaempfung","12":"product_tag-mottenfalle","13":"product_tag-pheromonfalle","15":"first","16":"instock","17":"featured","18":"taxable","19":"shipping-taxable","20":"product-type-simple"},"yoast_head":"<!-- This site is optimized with the Yoast SEO plugin v25.1 - https:\/\/yoast.com\/wordpress\/plugins\/seo\/ -->\n<title>Mottenfalle - Trichterfalle Profi | NEBILY Online Shop<\/title>\n<meta name=\"description\" content=\"Lebensmittelmotten Trichterfalle zur Bek\u00e4mpfung und \u00dcberwachung. Effektive L\u00f6sung f\u00fcr Lebensmittelbetriebe mit Pheromonlockstoff und integrierter Fangwirkung.\" \/>\n<meta name=\"robots\" content=\"index, follow, max-snippet:-1, max-image-preview:large, max-video-preview:-1\" \/>\n<link rel=\"canonical\" href=\"https:\/\/www.nebily.com\/shop\/natuerlich-biologisch\/motten-falle-profi-basisfalle\/\" \/>\n<meta property=\"og:locale\" content=\"de_DE\" \/>\n<meta property=\"og:type\" content=\"article\" \/>\n<meta property=\"og:title\" content=\"Mottenfalle - Trichterfalle Profi | NEBILY Online Shop\" \/>\n<meta property=\"og:description\" content=\"Lebensmittelmotten Trichterfalle zur Bek\u00e4mpfung und \u00dcberwachung. Effektive L\u00f6sung f\u00fcr Lebensmittelbetriebe mit Pheromonlockstoff und integrierter Fangwirkung.\" \/>\n<meta property=\"og:url\" content=\"https:\/\/www.nebily.com\/shop\/natuerlich-biologisch\/motten-falle-profi-basisfalle\/\" \/>\n<meta property=\"og:site_name\" content=\"NEBILY Ges.m.b.H.\" \/>\n<meta property=\"article:publisher\" content=\"https:\/\/www.facebook.com\/NebilyGesmbH\/\" \/>\n<meta property=\"article:modified_time\" content=\"2026-04-26T17:50:43+00:00\" \/>\n<meta property=\"og:image\" content=\"https:\/\/www.nebily.com\/shop\/wp-content\/uploads\/Produkt_NBVS003_Lebensmittel_Mottenfalle_Profi_SET.jpg\" \/>\n\t<meta property=\"og:image:width\" content=\"800\" \/>\n\t<meta property=\"og:image:height\" content=\"600\" \/>\n\t<meta property=\"og:image:type\" content=\"image\/jpeg\" \/>\n<meta name=\"twitter:card\" content=\"summary_large_image\" \/>\n<meta name=\"twitter:label1\" content=\"Gesch\u00e4tzte Lesezeit\" \/>\n\t<meta name=\"twitter:data1\" content=\"2\u00a0Minuten\" \/>\n<script type=\"application\/ld+json\" class=\"yoast-schema-graph\">{\"@context\":\"https:\/\/schema.org\",\"@graph\":[{\"@type\":\"WebPage\",\"@id\":\"https:\/\/www.nebily.com\/shop\/natuerlich-biologisch\/motten-falle-profi-basisfalle\/\",\"url\":\"https:\/\/www.nebily.com\/shop\/natuerlich-biologisch\/motten-falle-profi-basisfalle\/\",\"name\":\"Mottenfalle - Trichterfalle Profi | NEBILY Online Shop\",\"isPartOf\":{\"@id\":\"https:\/\/www.nebily.com\/shop\/#website\"},\"primaryImageOfPage\":{\"@id\":\"https:\/\/www.nebily.com\/shop\/natuerlich-biologisch\/motten-falle-profi-basisfalle\/#primaryimage\"},\"image\":{\"@id\":\"https:\/\/www.nebily.com\/shop\/natuerlich-biologisch\/motten-falle-profi-basisfalle\/#primaryimage\"},\"thumbnailUrl\":\"https:\/\/www.nebily.com\/shop\/wp-content\/uploads\/Produkt_NBVS003_Lebensmittel_Mottenfalle_Profi_SET.jpg\",\"datePublished\":\"2015-09-15T16:35:52+00:00\",\"dateModified\":\"2026-04-26T17:50:43+00:00\",\"description\":\"Lebensmittelmotten Trichterfalle zur Bek\u00e4mpfung und \u00dcberwachung. Effektive L\u00f6sung f\u00fcr Lebensmittelbetriebe mit Pheromonlockstoff und integrierter Fangwirkung.\",\"breadcrumb\":{\"@id\":\"https:\/\/www.nebily.com\/shop\/natuerlich-biologisch\/motten-falle-profi-basisfalle\/#breadcrumb\"},\"inLanguage\":\"de\",\"potentialAction\":[{\"@type\":\"ReadAction\",\"target\":[\"https:\/\/www.nebily.com\/shop\/natuerlich-biologisch\/motten-falle-profi-basisfalle\/\"]}]},{\"@type\":\"ImageObject\",\"inLanguage\":\"de\",\"@id\":\"https:\/\/www.nebily.com\/shop\/natuerlich-biologisch\/motten-falle-profi-basisfalle\/#primaryimage\",\"url\":\"https:\/\/www.nebily.com\/shop\/wp-content\/uploads\/Produkt_NBVS003_Lebensmittel_Mottenfalle_Profi_SET.jpg\",\"contentUrl\":\"https:\/\/www.nebily.com\/shop\/wp-content\/uploads\/Produkt_NBVS003_Lebensmittel_Mottenfalle_Profi_SET.jpg\",\"width\":800,\"height\":600},{\"@type\":\"BreadcrumbList\",\"@id\":\"https:\/\/www.nebily.com\/shop\/natuerlich-biologisch\/motten-falle-profi-basisfalle\/#breadcrumb\",\"itemListElement\":[{\"@type\":\"ListItem\",\"position\":1,\"name\":\"Home\",\"item\":\"https:\/\/www.nebily.com\/shop\/\"},{\"@type\":\"ListItem\",\"position\":2,\"name\":\"Shop\",\"item\":\"https:\/\/www.nebily.com\/shop\/\"},{\"@type\":\"ListItem\",\"position\":3,\"name\":\"Mottenfalle &#8211; SET Trichterfalle Profi\"}]},{\"@type\":\"WebSite\",\"@id\":\"https:\/\/www.nebily.com\/shop\/#website\",\"url\":\"https:\/\/www.nebily.com\/shop\/\",\"name\":\"NEBILY Ges.m.b.H.\",\"description\":\"\",\"potentialAction\":[{\"@type\":\"SearchAction\",\"target\":{\"@type\":\"EntryPoint\",\"urlTemplate\":\"https:\/\/www.nebily.com\/shop\/?s={search_term_string}\"},\"query-input\":{\"@type\":\"PropertyValueSpecification\",\"valueRequired\":true,\"valueName\":\"search_term_string\"}}],\"inLanguage\":\"de\"}]}<\/script>\n<!-- \/ Yoast SEO plugin. -->","yoast_head_json":{"title":"Mottenfalle - Trichterfalle Profi | NEBILY Online Shop","description":"Lebensmittelmotten Trichterfalle zur Bek\u00e4mpfung und \u00dcberwachung. Effektive L\u00f6sung f\u00fcr Lebensmittelbetriebe mit Pheromonlockstoff und integrierter Fangwirkung.","robots":{"index":"index","follow":"follow","max-snippet":"max-snippet:-1","max-image-preview":"max-image-preview:large","max-video-preview":"max-video-preview:-1"},"canonical":"https:\/\/www.nebily.com\/shop\/natuerlich-biologisch\/motten-falle-profi-basisfalle\/","og_locale":"de_DE","og_type":"article","og_title":"Mottenfalle - Trichterfalle Profi | NEBILY Online Shop","og_description":"Lebensmittelmotten Trichterfalle zur Bek\u00e4mpfung und \u00dcberwachung. Effektive L\u00f6sung f\u00fcr Lebensmittelbetriebe mit Pheromonlockstoff und integrierter Fangwirkung.","og_url":"https:\/\/www.nebily.com\/shop\/natuerlich-biologisch\/motten-falle-profi-basisfalle\/","og_site_name":"NEBILY Ges.m.b.H.","article_publisher":"https:\/\/www.facebook.com\/NebilyGesmbH\/","article_modified_time":"2026-04-26T17:50:43+00:00","og_image":[{"width":800,"height":600,"url":"https:\/\/www.nebily.com\/shop\/wp-content\/uploads\/Produkt_NBVS003_Lebensmittel_Mottenfalle_Profi_SET.jpg","type":"image\/jpeg"}],"twitter_card":"summary_large_image","twitter_misc":{"Gesch\u00e4tzte Lesezeit":"2\u00a0Minuten"},"schema":{"@context":"https:\/\/schema.org","@graph":[{"@type":"WebPage","@id":"https:\/\/www.nebily.com\/shop\/natuerlich-biologisch\/motten-falle-profi-basisfalle\/","url":"https:\/\/www.nebily.com\/shop\/natuerlich-biologisch\/motten-falle-profi-basisfalle\/","name":"Mottenfalle - Trichterfalle Profi | NEBILY Online Shop","isPartOf":{"@id":"https:\/\/www.nebily.com\/shop\/#website"},"primaryImageOfPage":{"@id":"https:\/\/www.nebily.com\/shop\/natuerlich-biologisch\/motten-falle-profi-basisfalle\/#primaryimage"},"image":{"@id":"https:\/\/www.nebily.com\/shop\/natuerlich-biologisch\/motten-falle-profi-basisfalle\/#primaryimage"},"thumbnailUrl":"https:\/\/www.nebily.com\/shop\/wp-content\/uploads\/Produkt_NBVS003_Lebensmittel_Mottenfalle_Profi_SET.jpg","datePublished":"2015-09-15T16:35:52+00:00","dateModified":"2026-04-26T17:50:43+00:00","description":"Lebensmittelmotten Trichterfalle zur Bek\u00e4mpfung und \u00dcberwachung. Effektive L\u00f6sung f\u00fcr Lebensmittelbetriebe mit Pheromonlockstoff und integrierter Fangwirkung.","breadcrumb":{"@id":"https:\/\/www.nebily.com\/shop\/natuerlich-biologisch\/motten-falle-profi-basisfalle\/#breadcrumb"},"inLanguage":"de","potentialAction":[{"@type":"ReadAction","target":["https:\/\/www.nebily.com\/shop\/natuerlich-biologisch\/motten-falle-profi-basisfalle\/"]}]},{"@type":"ImageObject","inLanguage":"de","@id":"https:\/\/www.nebily.com\/shop\/natuerlich-biologisch\/motten-falle-profi-basisfalle\/#primaryimage","url":"https:\/\/www.nebily.com\/shop\/wp-content\/uploads\/Produkt_NBVS003_Lebensmittel_Mottenfalle_Profi_SET.jpg","contentUrl":"https:\/\/www.nebily.com\/shop\/wp-content\/uploads\/Produkt_NBVS003_Lebensmittel_Mottenfalle_Profi_SET.jpg","width":800,"height":600},{"@type":"BreadcrumbList","@id":"https:\/\/www.nebily.com\/shop\/natuerlich-biologisch\/motten-falle-profi-basisfalle\/#breadcrumb","itemListElement":[{"@type":"ListItem","position":1,"name":"Home","item":"https:\/\/www.nebily.com\/shop\/"},{"@type":"ListItem","position":2,"name":"Shop","item":"https:\/\/www.nebily.com\/shop\/"},{"@type":"ListItem","position":3,"name":"Mottenfalle &#8211; SET Trichterfalle Profi"}]},{"@type":"WebSite","@id":"https:\/\/www.nebily.com\/shop\/#website","url":"https:\/\/www.nebily.com\/shop\/","name":"NEBILY Ges.m.b.H.","description":"","potentialAction":[{"@type":"SearchAction","target":{"@type":"EntryPoint","urlTemplate":"https:\/\/www.nebily.com\/shop\/?s={search_term_string}"},"query-input":{"@type":"PropertyValueSpecification","valueRequired":true,"valueName":"search_term_string"}}],"inLanguage":"de"}]}},"_links":{"self":[{"href":"https:\/\/www.nebily.com\/shop\/wp-json\/wp\/v2\/product\/919","targetHints":{"allow":["GET"]}}],"collection":[{"href":"https:\/\/www.nebily.com\/shop\/wp-json\/wp\/v2\/product"}],"about":[{"href":"https:\/\/www.nebily.com\/shop\/wp-json\/wp\/v2\/types\/product"}],"replies":[{"embeddable":true,"href":"https:\/\/www.nebily.com\/shop\/wp-json\/wp\/v2\/comments?post=919"}],"wp:featuredmedia":[{"embeddable":true,"href":"https:\/\/www.nebily.com\/shop\/wp-json\/wp\/v2\/media\/7432"}],"wp:attachment":[{"href":"https:\/\/www.nebily.com\/shop\/wp-json\/wp\/v2\/media?parent=919"}],"curies":[{"name":"wp","href":"https:\/\/api.w.org\/{rel}","templated":true}]}}