{"id":674,"date":"2021-05-11T17:11:41","date_gmt":"2021-05-11T16:11:41","guid":{"rendered":"http:\/\/nebily.com.w013807b.kasserver.com\/?post_type=product&#038;p=674"},"modified":"2026-01-02T06:41:09","modified_gmt":"2026-01-02T05:41:09","slug":"wespenspray-profi","status":"publish","type":"product","link":"https:\/\/www.nebily.com\/shop\/feuerwehr-produkte\/wespenspray-profi\/","title":{"rendered":"Wespenspray Profi &#8211; 6er-Pack"},"content":{"rendered":"<p>Nebily Wespenspray der Profi auf seinem Gebiet mit vielen Vorteilen! Er \u00fcberzeugt neben einer starken Sofortwirkung (Knock Down Effekt) auch durch eine hervorragende Dauerwirkung. Dar\u00fcber hinaus t\u00f6tet er Insekten in jedem Entwicklungsstadium ab. Besonderes Merkmal ist der starke Spr\u00fchsto\u00df und die breite Spr\u00fchd\u00fcse.<\/p>\n<ul>\n<li>sehr starke Sofortwirkung<\/li>\n<li>nachhaltige Dauerwirkung<\/li>\n<li>t\u00f6tet auch Larven<\/li>\n<li>breite Spr\u00fchd\u00fcse<\/li>\n<li>starker Spr\u00fchsto\u00df (bis zu 5 Meter)<\/li>\n<\/ul>\n<p><strong>Anwendung: <\/strong>Spr\u00fchstrahl in mehreren k\u00fcrzeren St\u00f6\u00dfen gezielt auf das Wespennest und daraus ausfliegende Wespen richten und das Nest gr\u00fcndlich einnebeln. Bek\u00e4mpfung in den fr\u00fchen Morgen- oder Abendstunden vornehmen, wenn sich die meisten Tiere im Nest befinden.<\/p>\n<p><strong>Achtung &#8211; Wichtig:<\/strong> Wespen- Hornissenbek\u00e4mpfung &#8211; beachten Sie unbedingt Ihre regionalen Artenschutzbestimmungen! Unter Naturschutz stehende gesch\u00fctzte Wespen-Arten d\u00fcrfen auf keinen Fall bek\u00e4mpft werden. Zudem ist eine Anwendung nur gestattet, wenn in der individuellen Situation von den Wespen eine Gefahr im Sinne des Bundesnaturschutzgesetzes ausgeht.<\/p>\n<hr \/>\n<p>Sicherheitsdatenblatt:<\/p>\n\n<!-- Generated using Document Gallery. Get yours here: http:\/\/wordpress.org\/extend\/plugins\/document-gallery -->\n<div id=\"document-gallery-1\" class=\"document-gallery\" data-shortcode='{\"id\":674,\"include\":\"11452\",\"exclude\":\"\",\"columns\":4,\"descriptions\":false,\"fancy\":true,\"order\":\"ASC\",\"orderby\":\"post__in\",\"relation\":\"AND\",\"limit\":-1,\"mime_types\":\"application,video,text,audio,image\",\"new_window\":true,\"post_status\":\"any\",\"post_type\":\"attachment\",\"attachment_pg\":false,\"paginate\":true,\"skip\":0}' data-icon-width='24'>\n<div class='document-icon-row'>\n   <div class=\"document-icon\">\n      <a href=\"https:\/\/www.nebily.com\/shop\/wp-content\/uploads\/SDB_Nebily_Wespenspray_Profi_AT-DE.pdf\" target=\"_blank\">\n         <img decoding=\"async\" src=\"https:\/\/www.nebily.com\/shop\/wp-content\/uploads\/SDB_Nebily_Wespenspray_Profi_AT-DE-thumb.png\" title=\"Sicherheitsdatenblatt\" alt=\"Sicherheitsdatenblatt\" data-ext=\"pdf\"\/>\n         <span class=\"title\">Sicherheitsdatenblatt<\/span>\n      <\/a>\n   <\/div>\n\n<\/div>\n<\/div>\n","protected":false},"excerpt":{"rendered":"<p>Nebily Wespenspray der Profi auf seinem Gebiet mit vielen Vorteilen! Er \u00fcberzeugt neben einer starken Sofortwirkung (Knock Down Effekt) auch durch eine hervorragende Dauerwirkung. Dar\u00fcber hinaus t\u00f6tet er Insekten in jedem Entwicklungsstadium ab. Besonderes Merkmal ist der starke Spr\u00fchsto\u00df und die breite Spr\u00fchd\u00fcse. sehr starke Sofortwirkung nachhaltige Dauerwirkung t\u00f6tet auch Larven breite Spr\u00fchd\u00fcse starker Spr\u00fchsto\u00df &hellip; <a href=\"https:\/\/www.nebily.com\/shop\/feuerwehr-produkte\/wespenspray-profi\/\">Continued<\/a><\/p>\n","protected":false},"featured_media":1077,"comment_status":"closed","ping_status":"closed","template":"","meta":[],"class_list":{"0":"post-674","1":"product","2":"type-product","3":"status-publish","4":"has-post-thumbnail","6":"product_cat-fluginsekten","7":"product_cat-feuerwehr-produkte","9":"first","10":"instock","11":"featured","12":"taxable","13":"shipping-taxable","14":"product-type-simple"},"yoast_head":"<!-- This site is optimized with the Yoast SEO plugin v25.1 - https:\/\/yoast.com\/wordpress\/plugins\/seo\/ -->\n<title>Wespenspray Profi - 6er-Pack | NEBILY Online Shop<\/title>\n<meta name=\"description\" content=\"Der Wespenspray f\u00fcr Profis zur Bek\u00e4mpfung von Wespen und deren Nestern. Sofortwirkung und starker Spr\u00fchsto\u00df f\u00fcr sicheres Arbeiten.\" \/>\n<meta name=\"robots\" content=\"index, follow, max-snippet:-1, max-image-preview:large, max-video-preview:-1\" \/>\n<link rel=\"canonical\" href=\"https:\/\/www.nebily.com\/shop\/feuerwehr-produkte\/wespenspray-profi\/\" \/>\n<meta property=\"og:locale\" content=\"de_DE\" \/>\n<meta property=\"og:type\" content=\"article\" \/>\n<meta property=\"og:title\" content=\"Wespenspray Profi - 6er-Pack | NEBILY Online Shop\" \/>\n<meta property=\"og:description\" content=\"Der Wespenspray f\u00fcr Profis zur Bek\u00e4mpfung von Wespen und deren Nestern. Sofortwirkung und starker Spr\u00fchsto\u00df f\u00fcr sicheres Arbeiten.\" \/>\n<meta property=\"og:url\" content=\"https:\/\/www.nebily.com\/shop\/feuerwehr-produkte\/wespenspray-profi\/\" \/>\n<meta property=\"og:site_name\" content=\"NEBILY Ges.m.b.H.\" \/>\n<meta property=\"article:publisher\" content=\"https:\/\/www.facebook.com\/NebilyGesmbH\/\" \/>\n<meta property=\"article:modified_time\" content=\"2026-01-02T05:41:09+00:00\" \/>\n<meta property=\"og:image\" content=\"https:\/\/www.nebily.com\/shop\/wp-content\/uploads\/2015\/08\/Produkt_JO109007B_wespenspray.jpg\" \/>\n\t<meta property=\"og:image:width\" content=\"800\" \/>\n\t<meta property=\"og:image:height\" content=\"600\" \/>\n\t<meta property=\"og:image:type\" content=\"image\/jpeg\" \/>\n<meta name=\"twitter:card\" content=\"summary_large_image\" \/>\n<meta name=\"twitter:label1\" content=\"Gesch\u00e4tzte Lesezeit\" \/>\n\t<meta name=\"twitter:data1\" content=\"1\u00a0Minute\" \/>\n<script type=\"application\/ld+json\" class=\"yoast-schema-graph\">{\"@context\":\"https:\/\/schema.org\",\"@graph\":[{\"@type\":\"WebPage\",\"@id\":\"https:\/\/www.nebily.com\/shop\/feuerwehr-produkte\/wespenspray-profi\/\",\"url\":\"https:\/\/www.nebily.com\/shop\/feuerwehr-produkte\/wespenspray-profi\/\",\"name\":\"Wespenspray Profi - 6er-Pack | NEBILY Online Shop\",\"isPartOf\":{\"@id\":\"https:\/\/www.nebily.com\/shop\/#website\"},\"primaryImageOfPage\":{\"@id\":\"https:\/\/www.nebily.com\/shop\/feuerwehr-produkte\/wespenspray-profi\/#primaryimage\"},\"image\":{\"@id\":\"https:\/\/www.nebily.com\/shop\/feuerwehr-produkte\/wespenspray-profi\/#primaryimage\"},\"thumbnailUrl\":\"https:\/\/www.nebily.com\/shop\/wp-content\/uploads\/2015\/08\/Produkt_JO109007B_wespenspray.jpg\",\"datePublished\":\"2021-05-11T16:11:41+00:00\",\"dateModified\":\"2026-01-02T05:41:09+00:00\",\"description\":\"Der Wespenspray f\u00fcr Profis zur Bek\u00e4mpfung von Wespen und deren Nestern. Sofortwirkung und starker Spr\u00fchsto\u00df f\u00fcr sicheres Arbeiten.\",\"breadcrumb\":{\"@id\":\"https:\/\/www.nebily.com\/shop\/feuerwehr-produkte\/wespenspray-profi\/#breadcrumb\"},\"inLanguage\":\"de\",\"potentialAction\":[{\"@type\":\"ReadAction\",\"target\":[\"https:\/\/www.nebily.com\/shop\/feuerwehr-produkte\/wespenspray-profi\/\"]}]},{\"@type\":\"ImageObject\",\"inLanguage\":\"de\",\"@id\":\"https:\/\/www.nebily.com\/shop\/feuerwehr-produkte\/wespenspray-profi\/#primaryimage\",\"url\":\"https:\/\/www.nebily.com\/shop\/wp-content\/uploads\/2015\/08\/Produkt_JO109007B_wespenspray.jpg\",\"contentUrl\":\"https:\/\/www.nebily.com\/shop\/wp-content\/uploads\/2015\/08\/Produkt_JO109007B_wespenspray.jpg\",\"width\":800,\"height\":600},{\"@type\":\"BreadcrumbList\",\"@id\":\"https:\/\/www.nebily.com\/shop\/feuerwehr-produkte\/wespenspray-profi\/#breadcrumb\",\"itemListElement\":[{\"@type\":\"ListItem\",\"position\":1,\"name\":\"Home\",\"item\":\"https:\/\/www.nebily.com\/shop\/\"},{\"@type\":\"ListItem\",\"position\":2,\"name\":\"Shop\",\"item\":\"https:\/\/www.nebily.com\/shop\/\"},{\"@type\":\"ListItem\",\"position\":3,\"name\":\"Wespenspray Profi &#8211; 6er-Pack\"}]},{\"@type\":\"WebSite\",\"@id\":\"https:\/\/www.nebily.com\/shop\/#website\",\"url\":\"https:\/\/www.nebily.com\/shop\/\",\"name\":\"NEBILY Ges.m.b.H.\",\"description\":\"\",\"potentialAction\":[{\"@type\":\"SearchAction\",\"target\":{\"@type\":\"EntryPoint\",\"urlTemplate\":\"https:\/\/www.nebily.com\/shop\/?s={search_term_string}\"},\"query-input\":{\"@type\":\"PropertyValueSpecification\",\"valueRequired\":true,\"valueName\":\"search_term_string\"}}],\"inLanguage\":\"de\"}]}<\/script>\n<!-- \/ Yoast SEO plugin. -->","yoast_head_json":{"title":"Wespenspray Profi - 6er-Pack | NEBILY Online Shop","description":"Der Wespenspray f\u00fcr Profis zur Bek\u00e4mpfung von Wespen und deren Nestern. Sofortwirkung und starker Spr\u00fchsto\u00df f\u00fcr sicheres Arbeiten.","robots":{"index":"index","follow":"follow","max-snippet":"max-snippet:-1","max-image-preview":"max-image-preview:large","max-video-preview":"max-video-preview:-1"},"canonical":"https:\/\/www.nebily.com\/shop\/feuerwehr-produkte\/wespenspray-profi\/","og_locale":"de_DE","og_type":"article","og_title":"Wespenspray Profi - 6er-Pack | NEBILY Online Shop","og_description":"Der Wespenspray f\u00fcr Profis zur Bek\u00e4mpfung von Wespen und deren Nestern. Sofortwirkung und starker Spr\u00fchsto\u00df f\u00fcr sicheres Arbeiten.","og_url":"https:\/\/www.nebily.com\/shop\/feuerwehr-produkte\/wespenspray-profi\/","og_site_name":"NEBILY Ges.m.b.H.","article_publisher":"https:\/\/www.facebook.com\/NebilyGesmbH\/","article_modified_time":"2026-01-02T05:41:09+00:00","og_image":[{"width":800,"height":600,"url":"https:\/\/www.nebily.com\/shop\/wp-content\/uploads\/2015\/08\/Produkt_JO109007B_wespenspray.jpg","type":"image\/jpeg"}],"twitter_card":"summary_large_image","twitter_misc":{"Gesch\u00e4tzte Lesezeit":"1\u00a0Minute"},"schema":{"@context":"https:\/\/schema.org","@graph":[{"@type":"WebPage","@id":"https:\/\/www.nebily.com\/shop\/feuerwehr-produkte\/wespenspray-profi\/","url":"https:\/\/www.nebily.com\/shop\/feuerwehr-produkte\/wespenspray-profi\/","name":"Wespenspray Profi - 6er-Pack | NEBILY Online Shop","isPartOf":{"@id":"https:\/\/www.nebily.com\/shop\/#website"},"primaryImageOfPage":{"@id":"https:\/\/www.nebily.com\/shop\/feuerwehr-produkte\/wespenspray-profi\/#primaryimage"},"image":{"@id":"https:\/\/www.nebily.com\/shop\/feuerwehr-produkte\/wespenspray-profi\/#primaryimage"},"thumbnailUrl":"https:\/\/www.nebily.com\/shop\/wp-content\/uploads\/2015\/08\/Produkt_JO109007B_wespenspray.jpg","datePublished":"2021-05-11T16:11:41+00:00","dateModified":"2026-01-02T05:41:09+00:00","description":"Der Wespenspray f\u00fcr Profis zur Bek\u00e4mpfung von Wespen und deren Nestern. Sofortwirkung und starker Spr\u00fchsto\u00df f\u00fcr sicheres Arbeiten.","breadcrumb":{"@id":"https:\/\/www.nebily.com\/shop\/feuerwehr-produkte\/wespenspray-profi\/#breadcrumb"},"inLanguage":"de","potentialAction":[{"@type":"ReadAction","target":["https:\/\/www.nebily.com\/shop\/feuerwehr-produkte\/wespenspray-profi\/"]}]},{"@type":"ImageObject","inLanguage":"de","@id":"https:\/\/www.nebily.com\/shop\/feuerwehr-produkte\/wespenspray-profi\/#primaryimage","url":"https:\/\/www.nebily.com\/shop\/wp-content\/uploads\/2015\/08\/Produkt_JO109007B_wespenspray.jpg","contentUrl":"https:\/\/www.nebily.com\/shop\/wp-content\/uploads\/2015\/08\/Produkt_JO109007B_wespenspray.jpg","width":800,"height":600},{"@type":"BreadcrumbList","@id":"https:\/\/www.nebily.com\/shop\/feuerwehr-produkte\/wespenspray-profi\/#breadcrumb","itemListElement":[{"@type":"ListItem","position":1,"name":"Home","item":"https:\/\/www.nebily.com\/shop\/"},{"@type":"ListItem","position":2,"name":"Shop","item":"https:\/\/www.nebily.com\/shop\/"},{"@type":"ListItem","position":3,"name":"Wespenspray Profi &#8211; 6er-Pack"}]},{"@type":"WebSite","@id":"https:\/\/www.nebily.com\/shop\/#website","url":"https:\/\/www.nebily.com\/shop\/","name":"NEBILY Ges.m.b.H.","description":"","potentialAction":[{"@type":"SearchAction","target":{"@type":"EntryPoint","urlTemplate":"https:\/\/www.nebily.com\/shop\/?s={search_term_string}"},"query-input":{"@type":"PropertyValueSpecification","valueRequired":true,"valueName":"search_term_string"}}],"inLanguage":"de"}]}},"_links":{"self":[{"href":"https:\/\/www.nebily.com\/shop\/wp-json\/wp\/v2\/product\/674","targetHints":{"allow":["GET"]}}],"collection":[{"href":"https:\/\/www.nebily.com\/shop\/wp-json\/wp\/v2\/product"}],"about":[{"href":"https:\/\/www.nebily.com\/shop\/wp-json\/wp\/v2\/types\/product"}],"replies":[{"embeddable":true,"href":"https:\/\/www.nebily.com\/shop\/wp-json\/wp\/v2\/comments?post=674"}],"wp:featuredmedia":[{"embeddable":true,"href":"https:\/\/www.nebily.com\/shop\/wp-json\/wp\/v2\/media\/1077"}],"wp:attachment":[{"href":"https:\/\/www.nebily.com\/shop\/wp-json\/wp\/v2\/media?parent=674"}],"curies":[{"name":"wp","href":"https:\/\/api.w.org\/{rel}","templated":true}]}}