{"id":673,"date":"2015-08-27T17:10:05","date_gmt":"2015-08-27T16:10:05","guid":{"rendered":"http:\/\/nebily.com.w013807b.kasserver.com\/?post_type=product&#038;p=673"},"modified":"2026-03-23T10:21:20","modified_gmt":"2026-03-23T09:21:20","slug":"chameleon-2x2-60w","status":"publish","type":"product","link":"https:\/\/www.nebily.com\/shop\/uv-insektenfallen\/chameleon-2x2-60w\/","title":{"rendered":"Chameleon 2&#215;2 (60 Watt) UV-Insektenfalle Klebefl\u00e4chenger\u00e4t"},"content":{"rendered":"<div class=\"page container_24\">\n<div class=\"content grid_22 push_1\">\n<p>Das perfekte Ger\u00e4t zur Fluginsektenbek\u00e4mpfung in Lebensmittel-verarbeitenden Bereichen.<\/p>\n<div class=\"product-leftrow\">\n<p>An der Decke montiert und frei\u00adh\u00e4n\u00adgend sch\u00fctzt diese UV-Falle gro\u00dfe, offene Bere\u00adiche. Das Ger\u00e4t wirkt rundum im 360\u00b0-Radius und auf ca. 180m\u00b2 Fl\u00e4che. Die hier eingesetzten <span class=\"numbers\">15<\/span> Watt Quan\u00adtum <span class=\"caps\">BL<\/span> bruchgesch\u00fctzten <span class=\"caps\">UV-\u200bR<\/span>\u00f6hren mit <span class=\"caps\">FEP<\/span> Umman\u00adtelung sind leistungsstark und energieeffizient. Diese locken die Fluginsekten an, die dann auf den beiden gro\u00dfen Klebefl\u00e4chen h\u00e4ngen bleiben.<\/p>\n<\/div>\n<\/div>\n<\/div>\n<ul>\n<li>Abmessungen: H = 30 cm, B = 49,5 cm, T = 13,2 cm<\/li>\n<li>Gewicht: 6 kg<\/li>\n<\/ul>\n<p><strong>Zubeh\u00f6r und Tauschintervalle:<\/strong><\/p>\n<div class=\"page container_24\">\n<div class=\"content grid_22 push_1\">\n<div class=\"product-leftrow\">\n<ul>\n<li>2 x Klebefl\u00e4chen (im 6er Pack erh\u00e4ltlich) \/ Tauschintervall: je nach Bedarf, sp\u00e4testens jedoch nach 3 Monaten<\/li>\n<li>4 x <span class=\"numbers\">15<\/span> Watt Quan\u00adtum <span class=\"caps\">BL<\/span> Bruchgesch\u00fctzte R\u00f6hren \/ Tauschintervall: ca. 12 Monate<\/li>\n<li><span class=\"numbers\">4<\/span> x Starter <span class=\"caps\">FS<span class=\"numbers\">22<\/span><\/span><\/li>\n<\/ul>\n<\/div>\n<p>Die Klebefl\u00e4chen und Ersatzr\u00f6hren sind f\u00fcr alle Ger\u00e4te der Chameleon-Serie verwendbar.<\/p>\n<p>Auf Anfrage und gegen Auf\u00adpreis ist die Chameleon 2&#215;2-Falle auch in Edel\u00adstahlausf\u00fchrung erh\u00e4ltlich.<\/p>\n<\/div>\n<\/div>\n","protected":false},"excerpt":{"rendered":"<p>Das perfekte Ger\u00e4t zur Fluginsektenbek\u00e4mpfung in Lebensmittel-verarbeitenden Bereichen. An der Decke montiert und frei\u00adh\u00e4n\u00adgend sch\u00fctzt diese UV-Falle gro\u00dfe, offene Bere\u00adiche. Das Ger\u00e4t wirkt rundum im 360\u00b0-Radius und auf ca. 180m\u00b2 Fl\u00e4che. Die hier eingesetzten 15 Watt Quan\u00adtum BL bruchgesch\u00fctzten UV-\u200bR\u00f6hren mit FEP Umman\u00adtelung sind leistungsstark und energieeffizient. Diese locken die Fluginsekten an, die dann auf &hellip; <a href=\"https:\/\/www.nebily.com\/shop\/uv-insektenfallen\/chameleon-2x2-60w\/\">Continued<\/a><\/p>\n","protected":false},"featured_media":747,"comment_status":"closed","ping_status":"closed","template":"","meta":[],"class_list":{"0":"post-673","1":"product","2":"type-product","3":"status-publish","4":"has-post-thumbnail","6":"product_cat-schaedlingsvorsorge-haccp","7":"product_cat-fluginsekten","8":"product_cat-uv-insektenfallen","10":"first","11":"outofstock","12":"taxable","13":"shipping-taxable","14":"product-type-simple"},"yoast_head":"<!-- This site is optimized with the Yoast SEO plugin v25.1 - https:\/\/yoast.com\/wordpress\/plugins\/seo\/ -->\n<title>UV-Insektenfalle Chameleon 2x2 (60W) | NEBILY Online Shop<\/title>\n<meta name=\"description\" content=\"Frei\u00adh\u00e4n\u00adgend sch\u00fctzt diese UV-Falle gro\u00dfe, offene Bere\u00adiche. Das Ger\u00e4t wirkt rundum im 360\u00b0-Radius und auf ca. 180m\u00b2 Fl\u00e4che.\" \/>\n<meta name=\"robots\" content=\"index, follow, max-snippet:-1, max-image-preview:large, max-video-preview:-1\" \/>\n<link rel=\"canonical\" href=\"https:\/\/www.nebily.com\/shop\/uv-insektenfallen\/chameleon-2x2-60w\/\" \/>\n<meta property=\"og:locale\" content=\"de_DE\" \/>\n<meta property=\"og:type\" content=\"article\" \/>\n<meta property=\"og:title\" content=\"UV-Insektenfalle Chameleon 2x2 (60W) | NEBILY Online Shop\" \/>\n<meta property=\"og:description\" content=\"Frei\u00adh\u00e4n\u00adgend sch\u00fctzt diese UV-Falle gro\u00dfe, offene Bere\u00adiche. Das Ger\u00e4t wirkt rundum im 360\u00b0-Radius und auf ca. 180m\u00b2 Fl\u00e4che.\" \/>\n<meta property=\"og:url\" content=\"https:\/\/www.nebily.com\/shop\/uv-insektenfallen\/chameleon-2x2-60w\/\" \/>\n<meta property=\"og:site_name\" content=\"NEBILY Ges.m.b.H.\" \/>\n<meta property=\"article:publisher\" content=\"https:\/\/www.facebook.com\/NebilyGesmbH\/\" \/>\n<meta property=\"article:modified_time\" content=\"2026-03-23T09:21:20+00:00\" \/>\n<meta property=\"og:image\" content=\"https:\/\/www.nebily.com\/shop\/wp-content\/uploads\/2015\/08\/produkt_JO8100-_chameleon_2x2_white.jpg\" \/>\n\t<meta property=\"og:image:width\" content=\"800\" \/>\n\t<meta property=\"og:image:height\" content=\"600\" \/>\n\t<meta property=\"og:image:type\" content=\"image\/jpeg\" \/>\n<meta name=\"twitter:card\" content=\"summary_large_image\" \/>\n<meta name=\"twitter:label1\" content=\"Gesch\u00e4tzte Lesezeit\" \/>\n\t<meta name=\"twitter:data1\" content=\"1\u00a0Minute\" \/>\n<script type=\"application\/ld+json\" class=\"yoast-schema-graph\">{\"@context\":\"https:\/\/schema.org\",\"@graph\":[{\"@type\":\"WebPage\",\"@id\":\"https:\/\/www.nebily.com\/shop\/uv-insektenfallen\/chameleon-2x2-60w\/\",\"url\":\"https:\/\/www.nebily.com\/shop\/uv-insektenfallen\/chameleon-2x2-60w\/\",\"name\":\"UV-Insektenfalle Chameleon 2x2 (60W) | NEBILY Online Shop\",\"isPartOf\":{\"@id\":\"https:\/\/www.nebily.com\/shop\/#website\"},\"primaryImageOfPage\":{\"@id\":\"https:\/\/www.nebily.com\/shop\/uv-insektenfallen\/chameleon-2x2-60w\/#primaryimage\"},\"image\":{\"@id\":\"https:\/\/www.nebily.com\/shop\/uv-insektenfallen\/chameleon-2x2-60w\/#primaryimage\"},\"thumbnailUrl\":\"https:\/\/www.nebily.com\/shop\/wp-content\/uploads\/2015\/08\/produkt_JO8100-_chameleon_2x2_white.jpg\",\"datePublished\":\"2015-08-27T16:10:05+00:00\",\"dateModified\":\"2026-03-23T09:21:20+00:00\",\"description\":\"Frei\u00adh\u00e4n\u00adgend sch\u00fctzt diese UV-Falle gro\u00dfe, offene Bere\u00adiche. Das Ger\u00e4t wirkt rundum im 360\u00b0-Radius und auf ca. 180m\u00b2 Fl\u00e4che.\",\"breadcrumb\":{\"@id\":\"https:\/\/www.nebily.com\/shop\/uv-insektenfallen\/chameleon-2x2-60w\/#breadcrumb\"},\"inLanguage\":\"de\",\"potentialAction\":[{\"@type\":\"ReadAction\",\"target\":[\"https:\/\/www.nebily.com\/shop\/uv-insektenfallen\/chameleon-2x2-60w\/\"]}]},{\"@type\":\"ImageObject\",\"inLanguage\":\"de\",\"@id\":\"https:\/\/www.nebily.com\/shop\/uv-insektenfallen\/chameleon-2x2-60w\/#primaryimage\",\"url\":\"https:\/\/www.nebily.com\/shop\/wp-content\/uploads\/2015\/08\/produkt_JO8100-_chameleon_2x2_white.jpg\",\"contentUrl\":\"https:\/\/www.nebily.com\/shop\/wp-content\/uploads\/2015\/08\/produkt_JO8100-_chameleon_2x2_white.jpg\",\"width\":800,\"height\":600},{\"@type\":\"BreadcrumbList\",\"@id\":\"https:\/\/www.nebily.com\/shop\/uv-insektenfallen\/chameleon-2x2-60w\/#breadcrumb\",\"itemListElement\":[{\"@type\":\"ListItem\",\"position\":1,\"name\":\"Home\",\"item\":\"https:\/\/www.nebily.com\/shop\/\"},{\"@type\":\"ListItem\",\"position\":2,\"name\":\"Shop\",\"item\":\"https:\/\/www.nebily.com\/shop\/\"},{\"@type\":\"ListItem\",\"position\":3,\"name\":\"Chameleon 2&#215;2 (60 Watt) UV-Insektenfalle Klebefl\u00e4chenger\u00e4t\"}]},{\"@type\":\"WebSite\",\"@id\":\"https:\/\/www.nebily.com\/shop\/#website\",\"url\":\"https:\/\/www.nebily.com\/shop\/\",\"name\":\"NEBILY Ges.m.b.H.\",\"description\":\"\",\"potentialAction\":[{\"@type\":\"SearchAction\",\"target\":{\"@type\":\"EntryPoint\",\"urlTemplate\":\"https:\/\/www.nebily.com\/shop\/?s={search_term_string}\"},\"query-input\":{\"@type\":\"PropertyValueSpecification\",\"valueRequired\":true,\"valueName\":\"search_term_string\"}}],\"inLanguage\":\"de\"}]}<\/script>\n<!-- \/ Yoast SEO plugin. -->","yoast_head_json":{"title":"UV-Insektenfalle Chameleon 2x2 (60W) | NEBILY Online Shop","description":"Frei\u00adh\u00e4n\u00adgend sch\u00fctzt diese UV-Falle gro\u00dfe, offene Bere\u00adiche. Das Ger\u00e4t wirkt rundum im 360\u00b0-Radius und auf ca. 180m\u00b2 Fl\u00e4che.","robots":{"index":"index","follow":"follow","max-snippet":"max-snippet:-1","max-image-preview":"max-image-preview:large","max-video-preview":"max-video-preview:-1"},"canonical":"https:\/\/www.nebily.com\/shop\/uv-insektenfallen\/chameleon-2x2-60w\/","og_locale":"de_DE","og_type":"article","og_title":"UV-Insektenfalle Chameleon 2x2 (60W) | NEBILY Online Shop","og_description":"Frei\u00adh\u00e4n\u00adgend sch\u00fctzt diese UV-Falle gro\u00dfe, offene Bere\u00adiche. Das Ger\u00e4t wirkt rundum im 360\u00b0-Radius und auf ca. 180m\u00b2 Fl\u00e4che.","og_url":"https:\/\/www.nebily.com\/shop\/uv-insektenfallen\/chameleon-2x2-60w\/","og_site_name":"NEBILY Ges.m.b.H.","article_publisher":"https:\/\/www.facebook.com\/NebilyGesmbH\/","article_modified_time":"2026-03-23T09:21:20+00:00","og_image":[{"width":800,"height":600,"url":"https:\/\/www.nebily.com\/shop\/wp-content\/uploads\/2015\/08\/produkt_JO8100-_chameleon_2x2_white.jpg","type":"image\/jpeg"}],"twitter_card":"summary_large_image","twitter_misc":{"Gesch\u00e4tzte Lesezeit":"1\u00a0Minute"},"schema":{"@context":"https:\/\/schema.org","@graph":[{"@type":"WebPage","@id":"https:\/\/www.nebily.com\/shop\/uv-insektenfallen\/chameleon-2x2-60w\/","url":"https:\/\/www.nebily.com\/shop\/uv-insektenfallen\/chameleon-2x2-60w\/","name":"UV-Insektenfalle Chameleon 2x2 (60W) | NEBILY Online Shop","isPartOf":{"@id":"https:\/\/www.nebily.com\/shop\/#website"},"primaryImageOfPage":{"@id":"https:\/\/www.nebily.com\/shop\/uv-insektenfallen\/chameleon-2x2-60w\/#primaryimage"},"image":{"@id":"https:\/\/www.nebily.com\/shop\/uv-insektenfallen\/chameleon-2x2-60w\/#primaryimage"},"thumbnailUrl":"https:\/\/www.nebily.com\/shop\/wp-content\/uploads\/2015\/08\/produkt_JO8100-_chameleon_2x2_white.jpg","datePublished":"2015-08-27T16:10:05+00:00","dateModified":"2026-03-23T09:21:20+00:00","description":"Frei\u00adh\u00e4n\u00adgend sch\u00fctzt diese UV-Falle gro\u00dfe, offene Bere\u00adiche. Das Ger\u00e4t wirkt rundum im 360\u00b0-Radius und auf ca. 180m\u00b2 Fl\u00e4che.","breadcrumb":{"@id":"https:\/\/www.nebily.com\/shop\/uv-insektenfallen\/chameleon-2x2-60w\/#breadcrumb"},"inLanguage":"de","potentialAction":[{"@type":"ReadAction","target":["https:\/\/www.nebily.com\/shop\/uv-insektenfallen\/chameleon-2x2-60w\/"]}]},{"@type":"ImageObject","inLanguage":"de","@id":"https:\/\/www.nebily.com\/shop\/uv-insektenfallen\/chameleon-2x2-60w\/#primaryimage","url":"https:\/\/www.nebily.com\/shop\/wp-content\/uploads\/2015\/08\/produkt_JO8100-_chameleon_2x2_white.jpg","contentUrl":"https:\/\/www.nebily.com\/shop\/wp-content\/uploads\/2015\/08\/produkt_JO8100-_chameleon_2x2_white.jpg","width":800,"height":600},{"@type":"BreadcrumbList","@id":"https:\/\/www.nebily.com\/shop\/uv-insektenfallen\/chameleon-2x2-60w\/#breadcrumb","itemListElement":[{"@type":"ListItem","position":1,"name":"Home","item":"https:\/\/www.nebily.com\/shop\/"},{"@type":"ListItem","position":2,"name":"Shop","item":"https:\/\/www.nebily.com\/shop\/"},{"@type":"ListItem","position":3,"name":"Chameleon 2&#215;2 (60 Watt) UV-Insektenfalle Klebefl\u00e4chenger\u00e4t"}]},{"@type":"WebSite","@id":"https:\/\/www.nebily.com\/shop\/#website","url":"https:\/\/www.nebily.com\/shop\/","name":"NEBILY Ges.m.b.H.","description":"","potentialAction":[{"@type":"SearchAction","target":{"@type":"EntryPoint","urlTemplate":"https:\/\/www.nebily.com\/shop\/?s={search_term_string}"},"query-input":{"@type":"PropertyValueSpecification","valueRequired":true,"valueName":"search_term_string"}}],"inLanguage":"de"}]}},"_links":{"self":[{"href":"https:\/\/www.nebily.com\/shop\/wp-json\/wp\/v2\/product\/673","targetHints":{"allow":["GET"]}}],"collection":[{"href":"https:\/\/www.nebily.com\/shop\/wp-json\/wp\/v2\/product"}],"about":[{"href":"https:\/\/www.nebily.com\/shop\/wp-json\/wp\/v2\/types\/product"}],"replies":[{"embeddable":true,"href":"https:\/\/www.nebily.com\/shop\/wp-json\/wp\/v2\/comments?post=673"}],"wp:featuredmedia":[{"embeddable":true,"href":"https:\/\/www.nebily.com\/shop\/wp-json\/wp\/v2\/media\/747"}],"wp:attachment":[{"href":"https:\/\/www.nebily.com\/shop\/wp-json\/wp\/v2\/media?parent=673"}],"curies":[{"name":"wp","href":"https:\/\/api.w.org\/{rel}","templated":true}]}}