{"id":649,"date":"2015-08-27T15:41:00","date_gmt":"2015-08-27T15:41:00","guid":{"rendered":"http:\/\/nebily.com.w013807b.kasserver.com\/?post_type=product&#038;p=649"},"modified":"2025-05-08T13:19:47","modified_gmt":"2025-05-08T12:19:47","slug":"ameisen-gel","status":"publish","type":"product","link":"https:\/\/www.nebily.com\/shop\/kriechinsekten\/ameisen-gel\/","title":{"rendered":"Ameisen-Gel"},"content":{"rendered":"<p>Kwizda Ameisengel &#8211; zur gezielten Bek\u00e4mpfung von Ameisen und deren Nestern im und ums Haus.<\/p>\n<p>Mit diesem Gel ist einfache, praktische und gezielte Vorgehensweise ein Leichtes. Das auf Zucker basierende Gel wird von den Ameisen begierig aufgenommen und bis ins Nest transportiert. Dort wird der K\u00f6der unter der Ameisenpopulation verteilt, wodurch das ganze Nest bek\u00e4mpft wird. Mit der Tropfflasche l\u00e4sst sich das Gel bequem auch an mehreren heiklen Stellen verteilen, wodurch es sehr effizient eingesetzt werden kann.<\/p>\n<hr \/>\n<p>Sicherheitsdatenblatt:<\/p>\n\n<!-- Generated using Document Gallery. Get yours here: http:\/\/wordpress.org\/extend\/plugins\/document-gallery -->\n<div id=\"document-gallery-1\" class=\"document-gallery\" data-shortcode='{\"id\":649,\"include\":\"4917\",\"exclude\":\"\",\"columns\":4,\"descriptions\":true,\"fancy\":true,\"order\":\"ASC\",\"orderby\":\"post__in\",\"relation\":\"AND\",\"limit\":-1,\"mime_types\":\"application,video,text,audio,image\",\"new_window\":true,\"post_status\":\"any\",\"post_type\":\"attachment\",\"attachment_pg\":false,\"paginate\":true,\"skip\":0}'>\n<div class='document-icon-row descriptions'>\n   <div class=\"document-icon\">\n      <a href=\"https:\/\/www.nebily.com\/shop\/wp-content\/uploads\/SDB_KW001_Ameisen_Gel_Kwizda_2017.pdf\" target=\"_blank\">\n         <img decoding=\"async\" src=\"https:\/\/www.nebily.com\/shop\/wp-content\/uploads\/SDB_KW001_Ameisen_Gel_Kwizda_2017-thumb.png\" title=\"Sicherheitsdatenblatt\" alt=\"Sicherheitsdatenblatt\" data-ext=\"pdf\"\/>\n         <span class=\"title\">Sicherheitsdatenblatt<\/span>\n      <\/a>\n   <\/div>\n   <p><\/p>\n<\/div>\n<\/div>\n","protected":false},"excerpt":{"rendered":"<p>Kwizda Ameisengel &#8211; zur gezielten Bek\u00e4mpfung von Ameisen und deren Nestern im und ums Haus. Mit diesem Gel ist einfache, praktische und gezielte Vorgehensweise ein Leichtes. Das auf Zucker basierende Gel wird von den Ameisen begierig aufgenommen und bis ins Nest transportiert. Dort wird der K\u00f6der unter der Ameisenpopulation verteilt, wodurch das ganze Nest bek\u00e4mpft &hellip; <a href=\"https:\/\/www.nebily.com\/shop\/kriechinsekten\/ameisen-gel\/\">Continued<\/a><\/p>\n","protected":false},"featured_media":4916,"comment_status":"closed","ping_status":"closed","template":"","meta":[],"class_list":{"0":"post-649","1":"product","2":"type-product","3":"status-publish","4":"has-post-thumbnail","6":"product_cat-kriechinsekten","8":"first","9":"instock","10":"sale","11":"featured","12":"taxable","13":"shipping-taxable","14":"product-type-simple"},"yoast_head":"<!-- This site is optimized with the Yoast SEO plugin v25.1 - https:\/\/yoast.com\/wordpress\/plugins\/seo\/ -->\n<title>Ameisen-Gel | NEBILY Ges.m.b.H.<\/title>\n<meta name=\"description\" content=\"Zur gezielten Bek\u00e4mpfung von Ameisen und deren Nestern im und ums Haus. Das Gel wird von den Ameisen aufgenommen und bis ins Nest transportiert.\" \/>\n<meta name=\"robots\" content=\"index, follow, max-snippet:-1, max-image-preview:large, max-video-preview:-1\" \/>\n<link rel=\"canonical\" href=\"https:\/\/www.nebily.com\/shop\/kriechinsekten\/ameisen-gel\/\" \/>\n<meta property=\"og:locale\" content=\"de_DE\" \/>\n<meta property=\"og:type\" content=\"article\" \/>\n<meta property=\"og:title\" content=\"Ameisen-Gel | NEBILY Ges.m.b.H.\" \/>\n<meta property=\"og:description\" content=\"Zur gezielten Bek\u00e4mpfung von Ameisen und deren Nestern im und ums Haus. Das Gel wird von den Ameisen aufgenommen und bis ins Nest transportiert.\" \/>\n<meta property=\"og:url\" content=\"https:\/\/www.nebily.com\/shop\/kriechinsekten\/ameisen-gel\/\" \/>\n<meta property=\"og:site_name\" content=\"NEBILY Ges.m.b.H.\" \/>\n<meta property=\"article:publisher\" content=\"https:\/\/www.facebook.com\/NebilyGesmbH\/\" \/>\n<meta property=\"article:modified_time\" content=\"2025-05-08T12:19:47+00:00\" \/>\n<meta property=\"og:image\" content=\"https:\/\/www.nebily.com\/shop\/wp-content\/uploads\/Produktbild_KW001_Ameisengel_Blister_02.jpg\" \/>\n\t<meta property=\"og:image:width\" content=\"800\" \/>\n\t<meta property=\"og:image:height\" content=\"600\" \/>\n\t<meta property=\"og:image:type\" content=\"image\/jpeg\" \/>\n<meta name=\"twitter:card\" content=\"summary_large_image\" \/>\n<script type=\"application\/ld+json\" class=\"yoast-schema-graph\">{\"@context\":\"https:\/\/schema.org\",\"@graph\":[{\"@type\":\"WebPage\",\"@id\":\"https:\/\/www.nebily.com\/shop\/kriechinsekten\/ameisen-gel\/\",\"url\":\"https:\/\/www.nebily.com\/shop\/kriechinsekten\/ameisen-gel\/\",\"name\":\"Ameisen-Gel | NEBILY Ges.m.b.H.\",\"isPartOf\":{\"@id\":\"https:\/\/www.nebily.com\/shop\/#website\"},\"primaryImageOfPage\":{\"@id\":\"https:\/\/www.nebily.com\/shop\/kriechinsekten\/ameisen-gel\/#primaryimage\"},\"image\":{\"@id\":\"https:\/\/www.nebily.com\/shop\/kriechinsekten\/ameisen-gel\/#primaryimage\"},\"thumbnailUrl\":\"https:\/\/www.nebily.com\/shop\/wp-content\/uploads\/Produktbild_KW001_Ameisengel_Blister_02.jpg\",\"datePublished\":\"2015-08-27T15:41:00+00:00\",\"dateModified\":\"2025-05-08T12:19:47+00:00\",\"description\":\"Zur gezielten Bek\u00e4mpfung von Ameisen und deren Nestern im und ums Haus. Das Gel wird von den Ameisen aufgenommen und bis ins Nest transportiert.\",\"breadcrumb\":{\"@id\":\"https:\/\/www.nebily.com\/shop\/kriechinsekten\/ameisen-gel\/#breadcrumb\"},\"inLanguage\":\"de\",\"potentialAction\":[{\"@type\":\"ReadAction\",\"target\":[\"https:\/\/www.nebily.com\/shop\/kriechinsekten\/ameisen-gel\/\"]}]},{\"@type\":\"ImageObject\",\"inLanguage\":\"de\",\"@id\":\"https:\/\/www.nebily.com\/shop\/kriechinsekten\/ameisen-gel\/#primaryimage\",\"url\":\"https:\/\/www.nebily.com\/shop\/wp-content\/uploads\/Produktbild_KW001_Ameisengel_Blister_02.jpg\",\"contentUrl\":\"https:\/\/www.nebily.com\/shop\/wp-content\/uploads\/Produktbild_KW001_Ameisengel_Blister_02.jpg\",\"width\":800,\"height\":600},{\"@type\":\"BreadcrumbList\",\"@id\":\"https:\/\/www.nebily.com\/shop\/kriechinsekten\/ameisen-gel\/#breadcrumb\",\"itemListElement\":[{\"@type\":\"ListItem\",\"position\":1,\"name\":\"Home\",\"item\":\"https:\/\/www.nebily.com\/shop\/\"},{\"@type\":\"ListItem\",\"position\":2,\"name\":\"Shop\",\"item\":\"https:\/\/www.nebily.com\/shop\/\"},{\"@type\":\"ListItem\",\"position\":3,\"name\":\"Ameisen-Gel\"}]},{\"@type\":\"WebSite\",\"@id\":\"https:\/\/www.nebily.com\/shop\/#website\",\"url\":\"https:\/\/www.nebily.com\/shop\/\",\"name\":\"NEBILY Ges.m.b.H.\",\"description\":\"\",\"potentialAction\":[{\"@type\":\"SearchAction\",\"target\":{\"@type\":\"EntryPoint\",\"urlTemplate\":\"https:\/\/www.nebily.com\/shop\/?s={search_term_string}\"},\"query-input\":{\"@type\":\"PropertyValueSpecification\",\"valueRequired\":true,\"valueName\":\"search_term_string\"}}],\"inLanguage\":\"de\"}]}<\/script>\n<!-- \/ Yoast SEO plugin. -->","yoast_head_json":{"title":"Ameisen-Gel | NEBILY Ges.m.b.H.","description":"Zur gezielten Bek\u00e4mpfung von Ameisen und deren Nestern im und ums Haus. Das Gel wird von den Ameisen aufgenommen und bis ins Nest transportiert.","robots":{"index":"index","follow":"follow","max-snippet":"max-snippet:-1","max-image-preview":"max-image-preview:large","max-video-preview":"max-video-preview:-1"},"canonical":"https:\/\/www.nebily.com\/shop\/kriechinsekten\/ameisen-gel\/","og_locale":"de_DE","og_type":"article","og_title":"Ameisen-Gel | NEBILY Ges.m.b.H.","og_description":"Zur gezielten Bek\u00e4mpfung von Ameisen und deren Nestern im und ums Haus. Das Gel wird von den Ameisen aufgenommen und bis ins Nest transportiert.","og_url":"https:\/\/www.nebily.com\/shop\/kriechinsekten\/ameisen-gel\/","og_site_name":"NEBILY Ges.m.b.H.","article_publisher":"https:\/\/www.facebook.com\/NebilyGesmbH\/","article_modified_time":"2025-05-08T12:19:47+00:00","og_image":[{"width":800,"height":600,"url":"https:\/\/www.nebily.com\/shop\/wp-content\/uploads\/Produktbild_KW001_Ameisengel_Blister_02.jpg","type":"image\/jpeg"}],"twitter_card":"summary_large_image","schema":{"@context":"https:\/\/schema.org","@graph":[{"@type":"WebPage","@id":"https:\/\/www.nebily.com\/shop\/kriechinsekten\/ameisen-gel\/","url":"https:\/\/www.nebily.com\/shop\/kriechinsekten\/ameisen-gel\/","name":"Ameisen-Gel | NEBILY Ges.m.b.H.","isPartOf":{"@id":"https:\/\/www.nebily.com\/shop\/#website"},"primaryImageOfPage":{"@id":"https:\/\/www.nebily.com\/shop\/kriechinsekten\/ameisen-gel\/#primaryimage"},"image":{"@id":"https:\/\/www.nebily.com\/shop\/kriechinsekten\/ameisen-gel\/#primaryimage"},"thumbnailUrl":"https:\/\/www.nebily.com\/shop\/wp-content\/uploads\/Produktbild_KW001_Ameisengel_Blister_02.jpg","datePublished":"2015-08-27T15:41:00+00:00","dateModified":"2025-05-08T12:19:47+00:00","description":"Zur gezielten Bek\u00e4mpfung von Ameisen und deren Nestern im und ums Haus. Das Gel wird von den Ameisen aufgenommen und bis ins Nest transportiert.","breadcrumb":{"@id":"https:\/\/www.nebily.com\/shop\/kriechinsekten\/ameisen-gel\/#breadcrumb"},"inLanguage":"de","potentialAction":[{"@type":"ReadAction","target":["https:\/\/www.nebily.com\/shop\/kriechinsekten\/ameisen-gel\/"]}]},{"@type":"ImageObject","inLanguage":"de","@id":"https:\/\/www.nebily.com\/shop\/kriechinsekten\/ameisen-gel\/#primaryimage","url":"https:\/\/www.nebily.com\/shop\/wp-content\/uploads\/Produktbild_KW001_Ameisengel_Blister_02.jpg","contentUrl":"https:\/\/www.nebily.com\/shop\/wp-content\/uploads\/Produktbild_KW001_Ameisengel_Blister_02.jpg","width":800,"height":600},{"@type":"BreadcrumbList","@id":"https:\/\/www.nebily.com\/shop\/kriechinsekten\/ameisen-gel\/#breadcrumb","itemListElement":[{"@type":"ListItem","position":1,"name":"Home","item":"https:\/\/www.nebily.com\/shop\/"},{"@type":"ListItem","position":2,"name":"Shop","item":"https:\/\/www.nebily.com\/shop\/"},{"@type":"ListItem","position":3,"name":"Ameisen-Gel"}]},{"@type":"WebSite","@id":"https:\/\/www.nebily.com\/shop\/#website","url":"https:\/\/www.nebily.com\/shop\/","name":"NEBILY Ges.m.b.H.","description":"","potentialAction":[{"@type":"SearchAction","target":{"@type":"EntryPoint","urlTemplate":"https:\/\/www.nebily.com\/shop\/?s={search_term_string}"},"query-input":{"@type":"PropertyValueSpecification","valueRequired":true,"valueName":"search_term_string"}}],"inLanguage":"de"}]}},"_links":{"self":[{"href":"https:\/\/www.nebily.com\/shop\/wp-json\/wp\/v2\/product\/649","targetHints":{"allow":["GET"]}}],"collection":[{"href":"https:\/\/www.nebily.com\/shop\/wp-json\/wp\/v2\/product"}],"about":[{"href":"https:\/\/www.nebily.com\/shop\/wp-json\/wp\/v2\/types\/product"}],"replies":[{"embeddable":true,"href":"https:\/\/www.nebily.com\/shop\/wp-json\/wp\/v2\/comments?post=649"}],"wp:featuredmedia":[{"embeddable":true,"href":"https:\/\/www.nebily.com\/shop\/wp-json\/wp\/v2\/media\/4916"}],"wp:attachment":[{"href":"https:\/\/www.nebily.com\/shop\/wp-json\/wp\/v2\/media?parent=649"}],"curies":[{"name":"wp","href":"https:\/\/api.w.org\/{rel}","templated":true}]}}