{"id":5076,"date":"2019-05-13T12:08:49","date_gmt":"2019-05-13T11:08:49","guid":{"rendered":"https:\/\/www.nebily.com\/?post_type=product&#038;p=5076"},"modified":"2025-09-04T12:42:49","modified_gmt":"2025-09-04T11:42:49","slug":"insekten-bekaempfungs-set-nebily-online-shop","status":"publish","type":"product","link":"https:\/\/www.nebily.com\/shop\/schaedlingsvorsorge-haccp\/insekten-bekaempfungs-set-nebily-online-shop\/","title":{"rendered":"Insekten-Bek\u00e4mpfungs-Set"},"content":{"rendered":"<p align=\"LEFT\">Sch\u00e4dlingsbefall durch Schaben, Motten oder andere Insekten ist nicht nur l\u00e4stig sonder beeintr\u00e4chtigt akut die Hygiene in Ihrem Betrieb! Sorgen Sie, mit unseren\u00a0 Best-Sellern auf diesem Gebiet, f\u00fcr rasche und effektive Abhilfe.<\/p>\n<p><strong>Das Insekten Bek\u00e4mpfungs Set beinhaltet:<\/strong><\/p>\n<ul>\n<li><a href=\"https:\/\/www.nebily.com\/shop\/kriechinsekten\/giftfreie-schabenfalle\/\" target=\"_blank\" rel=\"noopener noreferrer\">6 Pack giftfreie Schabenfallen (60 St\u00fcck)<\/a><\/li>\n<li><a href=\"https:\/\/www.nebily.com\/shop\/fluginsekten\/kwizda-nebily-nebelautomat-20g\/\" target=\"_blank\" rel=\"noopener noreferrer\">6 St\u00fcck NEBILY Nebelautomaten<\/a><\/li>\n<li><a href=\"https:\/\/www.nebily.com\/shop\/fluginsekten\/ungeziefer-spray-longtime\/\" target=\"_blank\" rel=\"noopener noreferrer\">6 St\u00fcck Ungezieferspray Longtime<\/a><\/li>\n<\/ul>\n","protected":false},"excerpt":{"rendered":"<p><strong>Das Insekten-Bek\u00e4mpfungs-Set beinhaltet:<\/strong><\/p>\n<ul>\n<li>6 St\u00fcck Ungezieferspray Longtime<\/li>\n<li>6 Pack giftfreie Schabenfallen (60 St\u00fcck)<\/li>\n<li>6 St\u00fcck Nebelautomaten<\/li>\n<\/ul>\n","protected":false},"featured_media":7441,"comment_status":"closed","ping_status":"closed","template":"","meta":[],"class_list":{"0":"post-5076","1":"product","2":"type-product","3":"status-publish","4":"has-post-thumbnail","6":"product_cat-neuheiten","7":"product_cat-schaedlingsvorsorge-haccp","8":"product_cat-fluginsekten","9":"product_cat-kriechinsekten","11":"first","12":"instock","13":"sale","14":"featured","15":"taxable","16":"shipping-taxable","17":"product-type-simple"},"yoast_head":"<!-- This site is optimized with the Yoast SEO plugin v25.1 - https:\/\/yoast.com\/wordpress\/plugins\/seo\/ -->\n<title>Bek\u00e4mpfungs-SET gegen Insekten | NEBILY Online Shop<\/title>\n<meta name=\"description\" content=\"Werden Sie von Motten, Schaben oder anderen Insekten geplagt? Mit diesem Sparset stellen Sie die Hygiene in Ihrem Betrieb schnell wieder her.\" \/>\n<meta name=\"robots\" content=\"index, follow, max-snippet:-1, max-image-preview:large, max-video-preview:-1\" \/>\n<link rel=\"canonical\" href=\"https:\/\/www.nebily.com\/shop\/schaedlingsvorsorge-haccp\/insekten-bekaempfungs-set-nebily-online-shop\/\" \/>\n<meta property=\"og:locale\" content=\"de_DE\" \/>\n<meta property=\"og:type\" content=\"article\" \/>\n<meta property=\"og:title\" content=\"Bek\u00e4mpfungs-SET gegen Insekten | NEBILY Online Shop\" \/>\n<meta property=\"og:description\" content=\"Werden Sie von Motten, Schaben oder anderen Insekten geplagt? Mit diesem Sparset stellen Sie die Hygiene in Ihrem Betrieb schnell wieder her.\" \/>\n<meta property=\"og:url\" content=\"https:\/\/www.nebily.com\/shop\/schaedlingsvorsorge-haccp\/insekten-bekaempfungs-set-nebily-online-shop\/\" \/>\n<meta property=\"og:site_name\" content=\"NEBILY Ges.m.b.H.\" \/>\n<meta property=\"article:publisher\" content=\"https:\/\/www.facebook.com\/NebilyGesmbH\/\" \/>\n<meta property=\"article:modified_time\" content=\"2025-09-04T11:42:49+00:00\" \/>\n<meta property=\"og:image\" content=\"https:\/\/www.nebily.com\/shop\/wp-content\/uploads\/SET004_InsektenbekaempfungsSet.jpg\" \/>\n\t<meta property=\"og:image:width\" content=\"800\" \/>\n\t<meta property=\"og:image:height\" content=\"600\" \/>\n\t<meta property=\"og:image:type\" content=\"image\/jpeg\" \/>\n<meta name=\"twitter:card\" content=\"summary_large_image\" \/>\n<meta name=\"twitter:label1\" content=\"Gesch\u00e4tzte Lesezeit\" \/>\n\t<meta name=\"twitter:data1\" content=\"1\u00a0Minute\" \/>\n<script type=\"application\/ld+json\" class=\"yoast-schema-graph\">{\"@context\":\"https:\/\/schema.org\",\"@graph\":[{\"@type\":\"WebPage\",\"@id\":\"https:\/\/www.nebily.com\/shop\/schaedlingsvorsorge-haccp\/insekten-bekaempfungs-set-nebily-online-shop\/\",\"url\":\"https:\/\/www.nebily.com\/shop\/schaedlingsvorsorge-haccp\/insekten-bekaempfungs-set-nebily-online-shop\/\",\"name\":\"Bek\u00e4mpfungs-SET gegen Insekten | NEBILY Online Shop\",\"isPartOf\":{\"@id\":\"https:\/\/www.nebily.com\/shop\/#website\"},\"primaryImageOfPage\":{\"@id\":\"https:\/\/www.nebily.com\/shop\/schaedlingsvorsorge-haccp\/insekten-bekaempfungs-set-nebily-online-shop\/#primaryimage\"},\"image\":{\"@id\":\"https:\/\/www.nebily.com\/shop\/schaedlingsvorsorge-haccp\/insekten-bekaempfungs-set-nebily-online-shop\/#primaryimage\"},\"thumbnailUrl\":\"https:\/\/www.nebily.com\/shop\/wp-content\/uploads\/SET004_InsektenbekaempfungsSet.jpg\",\"datePublished\":\"2019-05-13T11:08:49+00:00\",\"dateModified\":\"2025-09-04T11:42:49+00:00\",\"description\":\"Werden Sie von Motten, Schaben oder anderen Insekten geplagt? Mit diesem Sparset stellen Sie die Hygiene in Ihrem Betrieb schnell wieder her.\",\"breadcrumb\":{\"@id\":\"https:\/\/www.nebily.com\/shop\/schaedlingsvorsorge-haccp\/insekten-bekaempfungs-set-nebily-online-shop\/#breadcrumb\"},\"inLanguage\":\"de\",\"potentialAction\":[{\"@type\":\"ReadAction\",\"target\":[\"https:\/\/www.nebily.com\/shop\/schaedlingsvorsorge-haccp\/insekten-bekaempfungs-set-nebily-online-shop\/\"]}]},{\"@type\":\"ImageObject\",\"inLanguage\":\"de\",\"@id\":\"https:\/\/www.nebily.com\/shop\/schaedlingsvorsorge-haccp\/insekten-bekaempfungs-set-nebily-online-shop\/#primaryimage\",\"url\":\"https:\/\/www.nebily.com\/shop\/wp-content\/uploads\/SET004_InsektenbekaempfungsSet.jpg\",\"contentUrl\":\"https:\/\/www.nebily.com\/shop\/wp-content\/uploads\/SET004_InsektenbekaempfungsSet.jpg\",\"width\":800,\"height\":600},{\"@type\":\"BreadcrumbList\",\"@id\":\"https:\/\/www.nebily.com\/shop\/schaedlingsvorsorge-haccp\/insekten-bekaempfungs-set-nebily-online-shop\/#breadcrumb\",\"itemListElement\":[{\"@type\":\"ListItem\",\"position\":1,\"name\":\"Home\",\"item\":\"https:\/\/www.nebily.com\/shop\/\"},{\"@type\":\"ListItem\",\"position\":2,\"name\":\"Shop\",\"item\":\"https:\/\/www.nebily.com\/shop\/\"},{\"@type\":\"ListItem\",\"position\":3,\"name\":\"Insekten-Bek\u00e4mpfungs-Set\"}]},{\"@type\":\"WebSite\",\"@id\":\"https:\/\/www.nebily.com\/shop\/#website\",\"url\":\"https:\/\/www.nebily.com\/shop\/\",\"name\":\"NEBILY Ges.m.b.H.\",\"description\":\"\",\"potentialAction\":[{\"@type\":\"SearchAction\",\"target\":{\"@type\":\"EntryPoint\",\"urlTemplate\":\"https:\/\/www.nebily.com\/shop\/?s={search_term_string}\"},\"query-input\":{\"@type\":\"PropertyValueSpecification\",\"valueRequired\":true,\"valueName\":\"search_term_string\"}}],\"inLanguage\":\"de\"}]}<\/script>\n<!-- \/ Yoast SEO plugin. -->","yoast_head_json":{"title":"Bek\u00e4mpfungs-SET gegen Insekten | NEBILY Online Shop","description":"Werden Sie von Motten, Schaben oder anderen Insekten geplagt? Mit diesem Sparset stellen Sie die Hygiene in Ihrem Betrieb schnell wieder her.","robots":{"index":"index","follow":"follow","max-snippet":"max-snippet:-1","max-image-preview":"max-image-preview:large","max-video-preview":"max-video-preview:-1"},"canonical":"https:\/\/www.nebily.com\/shop\/schaedlingsvorsorge-haccp\/insekten-bekaempfungs-set-nebily-online-shop\/","og_locale":"de_DE","og_type":"article","og_title":"Bek\u00e4mpfungs-SET gegen Insekten | NEBILY Online Shop","og_description":"Werden Sie von Motten, Schaben oder anderen Insekten geplagt? Mit diesem Sparset stellen Sie die Hygiene in Ihrem Betrieb schnell wieder her.","og_url":"https:\/\/www.nebily.com\/shop\/schaedlingsvorsorge-haccp\/insekten-bekaempfungs-set-nebily-online-shop\/","og_site_name":"NEBILY Ges.m.b.H.","article_publisher":"https:\/\/www.facebook.com\/NebilyGesmbH\/","article_modified_time":"2025-09-04T11:42:49+00:00","og_image":[{"width":800,"height":600,"url":"https:\/\/www.nebily.com\/shop\/wp-content\/uploads\/SET004_InsektenbekaempfungsSet.jpg","type":"image\/jpeg"}],"twitter_card":"summary_large_image","twitter_misc":{"Gesch\u00e4tzte Lesezeit":"1\u00a0Minute"},"schema":{"@context":"https:\/\/schema.org","@graph":[{"@type":"WebPage","@id":"https:\/\/www.nebily.com\/shop\/schaedlingsvorsorge-haccp\/insekten-bekaempfungs-set-nebily-online-shop\/","url":"https:\/\/www.nebily.com\/shop\/schaedlingsvorsorge-haccp\/insekten-bekaempfungs-set-nebily-online-shop\/","name":"Bek\u00e4mpfungs-SET gegen Insekten | NEBILY Online Shop","isPartOf":{"@id":"https:\/\/www.nebily.com\/shop\/#website"},"primaryImageOfPage":{"@id":"https:\/\/www.nebily.com\/shop\/schaedlingsvorsorge-haccp\/insekten-bekaempfungs-set-nebily-online-shop\/#primaryimage"},"image":{"@id":"https:\/\/www.nebily.com\/shop\/schaedlingsvorsorge-haccp\/insekten-bekaempfungs-set-nebily-online-shop\/#primaryimage"},"thumbnailUrl":"https:\/\/www.nebily.com\/shop\/wp-content\/uploads\/SET004_InsektenbekaempfungsSet.jpg","datePublished":"2019-05-13T11:08:49+00:00","dateModified":"2025-09-04T11:42:49+00:00","description":"Werden Sie von Motten, Schaben oder anderen Insekten geplagt? Mit diesem Sparset stellen Sie die Hygiene in Ihrem Betrieb schnell wieder her.","breadcrumb":{"@id":"https:\/\/www.nebily.com\/shop\/schaedlingsvorsorge-haccp\/insekten-bekaempfungs-set-nebily-online-shop\/#breadcrumb"},"inLanguage":"de","potentialAction":[{"@type":"ReadAction","target":["https:\/\/www.nebily.com\/shop\/schaedlingsvorsorge-haccp\/insekten-bekaempfungs-set-nebily-online-shop\/"]}]},{"@type":"ImageObject","inLanguage":"de","@id":"https:\/\/www.nebily.com\/shop\/schaedlingsvorsorge-haccp\/insekten-bekaempfungs-set-nebily-online-shop\/#primaryimage","url":"https:\/\/www.nebily.com\/shop\/wp-content\/uploads\/SET004_InsektenbekaempfungsSet.jpg","contentUrl":"https:\/\/www.nebily.com\/shop\/wp-content\/uploads\/SET004_InsektenbekaempfungsSet.jpg","width":800,"height":600},{"@type":"BreadcrumbList","@id":"https:\/\/www.nebily.com\/shop\/schaedlingsvorsorge-haccp\/insekten-bekaempfungs-set-nebily-online-shop\/#breadcrumb","itemListElement":[{"@type":"ListItem","position":1,"name":"Home","item":"https:\/\/www.nebily.com\/shop\/"},{"@type":"ListItem","position":2,"name":"Shop","item":"https:\/\/www.nebily.com\/shop\/"},{"@type":"ListItem","position":3,"name":"Insekten-Bek\u00e4mpfungs-Set"}]},{"@type":"WebSite","@id":"https:\/\/www.nebily.com\/shop\/#website","url":"https:\/\/www.nebily.com\/shop\/","name":"NEBILY Ges.m.b.H.","description":"","potentialAction":[{"@type":"SearchAction","target":{"@type":"EntryPoint","urlTemplate":"https:\/\/www.nebily.com\/shop\/?s={search_term_string}"},"query-input":{"@type":"PropertyValueSpecification","valueRequired":true,"valueName":"search_term_string"}}],"inLanguage":"de"}]}},"_links":{"self":[{"href":"https:\/\/www.nebily.com\/shop\/wp-json\/wp\/v2\/product\/5076","targetHints":{"allow":["GET"]}}],"collection":[{"href":"https:\/\/www.nebily.com\/shop\/wp-json\/wp\/v2\/product"}],"about":[{"href":"https:\/\/www.nebily.com\/shop\/wp-json\/wp\/v2\/types\/product"}],"replies":[{"embeddable":true,"href":"https:\/\/www.nebily.com\/shop\/wp-json\/wp\/v2\/comments?post=5076"}],"wp:featuredmedia":[{"embeddable":true,"href":"https:\/\/www.nebily.com\/shop\/wp-json\/wp\/v2\/media\/7441"}],"wp:attachment":[{"href":"https:\/\/www.nebily.com\/shop\/wp-json\/wp\/v2\/media?parent=5076"}],"curies":[{"name":"wp","href":"https:\/\/api.w.org\/{rel}","templated":true}]}}