{"id":11046,"date":"2024-08-21T07:38:35","date_gmt":"2024-08-21T06:38:35","guid":{"rendered":"https:\/\/www.nebily.com\/?post_type=product&#038;p=11046"},"modified":"2026-04-26T20:33:05","modified_gmt":"2026-04-26T19:33:05","slug":"detia-wespenschaum-300ml","status":"publish","type":"product","link":"https:\/\/www.nebily.com\/shop\/feuerwehr-produkte\/detia-wespenschaum-300ml\/","title":{"rendered":"Detia Wespenschaum 300ml"},"content":{"rendered":"<h1 data-section-id=\"1onj0oq\" data-start=\"130\" data-end=\"192\"><span role=\"text\">Wespenschaum zur sicheren Bek\u00e4mpfung von Wespennestern<\/span><\/h1>\n<p data-start=\"194\" data-end=\"431\">Effektiver Wespenschaum zur Bek\u00e4mpfung von Nestern auch an schwer zug\u00e4nglichen Stellen wie Dachvorspr\u00fcngen, Rollladenk\u00e4sten oder Hohlr\u00e4umen. Der stabile Schaum verschlie\u00dft zuverl\u00e4ssig die Nesteing\u00e4nge und sorgt f\u00fcr eine schnelle Wirkung.<\/p>\n<h2 data-section-id=\"7ag2br\" data-start=\"547\" data-end=\"584\"><span role=\"text\">Ihre Vorteile auf einen Blick:<\/span><\/h2>\n<ul data-start=\"454\" data-end=\"666\">\n<li data-section-id=\"cgjrk\" data-start=\"454\" data-end=\"515\"><strong>Verschlie\u00dft effektiv<\/strong> die Einflug\u00f6ffnungen des Wespennests<\/li>\n<li data-section-id=\"1y8oix\" data-start=\"516\" data-end=\"568\"><strong>Schnelle Wirkung<\/strong> auf das Nervensystem der Wespen<\/li>\n<li data-section-id=\"vmbl48\" data-start=\"569\" data-end=\"626\"><strong>Langanhaltender Schaum<\/strong> mit mehreren Stunden Standzeit<\/li>\n<li data-section-id=\"qbsgog\" data-start=\"627\" data-end=\"666\">Ideal f\u00fcr <strong>schwer erreichbare Nester<\/strong><\/li>\n<\/ul>\n<h3 data-start=\"668\" data-end=\"882\">Anwendung:<\/h3>\n<p data-start=\"668\" data-end=\"882\">Aus ca. 2\u20133 Metern Entfernung das Nest von au\u00dfen vollst\u00e4ndig mit Schaum bedecken. Das Nest anschlie\u00dfend nicht sofort entfernen, da zur\u00fcckkehrende Wespen ebenfalls mit dem Wirkstoff in Kontakt kommen.<\/p>\n<p data-start=\"668\" data-end=\"882\">\ud83d\udc49 <strong>Tipp:<\/strong> Die besten Ergebnisse erzielen Sie in den fr\u00fchen Morgen- oder Abendstunden, wenn sich die meisten Wespen im Nest befinden.<\/p>\n<p data-start=\"884\" data-end=\"949\"><strong data-start=\"884\" data-end=\"898\">Dosierung: <\/strong>Je nach Gr\u00f6\u00dfe des Nestes ca. 3\u20135 Sekunden spr\u00fchen.<\/p>\n<p data-section-id=\"ggis4j\" data-start=\"1175\" data-end=\"1216\"><span role=\"text\">\u26a0\ufe0f <strong data-start=\"1181\" data-end=\"1216\">Wichtige Hinweise: <\/strong><\/span><\/p>\n<p data-section-id=\"ggis4j\" data-start=\"1175\" data-end=\"1216\">Dieses Produkt ist in \u00d6sterreich <strong data-start=\"1250\" data-end=\"1311\">ausschlie\u00dflich f\u00fcr sachkundige bzw. berufsm\u00e4\u00dfige Anwender<\/strong> vorgesehen. Biozidprodukte vorsichtig verwenden. Vor Gebrauch stets Etikett und Produktinformationen lesen.<\/p>\n<p data-section-id=\"j6so8n\" data-start=\"1358\" data-end=\"1388\"><span role=\"text\"><strong data-start=\"1364\" data-end=\"1388\">Artenschutz beachten:\u00a0<\/strong><\/span>Wespen und insbesondere Hornissen k\u00f6nnen unter Schutz stehen. Eine Bek\u00e4mpfung ist nur zul\u00e4ssig, wenn eine <strong data-start=\"1497\" data-end=\"1533\">konkrete Gef\u00e4hrdung f\u00fcr Menschen<\/strong> besteht und gesetzliche Vorgaben eingehalten werden.<\/p>\n<p><strong>Inhalt:<\/strong> 300ml<\/p>\n<p>baua Reg-Nr. N-70504<\/p>\n<hr \/>\n<p>Sicherheitsdatenblatt:<\/p>\n\n<!-- Generated using Document Gallery. Get yours here: http:\/\/wordpress.org\/extend\/plugins\/document-gallery -->\n<div id=\"document-gallery-1\" class=\"document-gallery\" data-shortcode='{\"id\":11046,\"include\":\"11048\",\"exclude\":\"\",\"columns\":4,\"descriptions\":true,\"fancy\":true,\"order\":\"ASC\",\"orderby\":\"post__in\",\"relation\":\"AND\",\"limit\":-1,\"mime_types\":\"application,video,text,audio,image\",\"new_window\":true,\"post_status\":\"any\",\"post_type\":\"attachment\",\"attachment_pg\":false,\"paginate\":true,\"skip\":0}'>\n<div class='document-icon-row descriptions'>\n   <div class=\"document-icon\">\n      <a href=\"https:\/\/www.nebily.com\/shop\/wp-content\/uploads\/Detia_Wespenschaum_A032579_Sicherheitsdatenblatt.pdf\" target=\"_blank\">\n         <img decoding=\"async\" src=\"https:\/\/www.nebily.com\/shop\/wp-content\/uploads\/Detia_Wespenschaum_A032579_Sicherheitsdatenblatt-thumb.png\" title=\"SDB_Detia_Wespenschaum_A032579_Sicherheitsdatenblatt\" alt=\"SDB_Detia_Wespenschaum_A032579_Sicherheitsdatenblatt\" data-ext=\"pdf\"\/>\n         <span class=\"title\">SDB_Detia_Wespenschaum_A032579_Sicherheitsdatenblatt<\/span>\n      <\/a>\n   <\/div>\n   <p><\/p>\n<\/div>\n<\/div>\n","protected":false},"excerpt":{"rendered":"<p><strong>Detia Wespenschaum <\/strong>f\u00fcr die gezielte Bek\u00e4mpfung in Hohlr\u00e4umen, Dehnfugen, Kabelkan\u00e4len. Zur professionellen Bek\u00e4mpfung von Wespen in Nestern und anderen Schadinsekten wie Ameisen, Schaben, K\u00e4fer, Silberfischchen etc. in schwer zug\u00e4nglichen Hohlr\u00e4umen, Fugen, Ritzen, Vert\u00e4felungen, Kabelkan\u00e4len, Rollladenk\u00e4sten, M\u00fclleimern etc.<\/p>\n","protected":false},"featured_media":11047,"comment_status":"closed","ping_status":"closed","template":"","meta":[],"class_list":{"0":"post-11046","1":"product","2":"type-product","3":"status-publish","4":"has-post-thumbnail","6":"product_cat-feuerwehr-produkte","8":"first","9":"instock","10":"taxable","11":"shipping-taxable","12":"product-type-simple"},"yoast_head":"<!-- This site is optimized with the Yoast SEO plugin v25.1 - https:\/\/yoast.com\/wordpress\/plugins\/seo\/ -->\n<title>Detia Wespenschaum 300 ml | NEBILY Online Shop<\/title>\n<meta name=\"description\" content=\"Schaumformulierung zur sicheren und zuverl\u00e4ssigen Bek\u00e4mpfung von Wespen mit hohem Wirkstoffanteil und bis zu 8 Stunden formstabil!\" \/>\n<meta name=\"robots\" content=\"index, follow, max-snippet:-1, max-image-preview:large, max-video-preview:-1\" \/>\n<link rel=\"canonical\" href=\"https:\/\/www.nebily.com\/shop\/feuerwehr-produkte\/detia-wespenschaum-300ml\/\" \/>\n<meta property=\"og:locale\" content=\"de_DE\" \/>\n<meta property=\"og:type\" content=\"article\" \/>\n<meta property=\"og:title\" content=\"Detia Wespenschaum 300 ml | NEBILY Online Shop\" \/>\n<meta property=\"og:description\" content=\"Schaumformulierung zur sicheren und zuverl\u00e4ssigen Bek\u00e4mpfung von Wespen mit hohem Wirkstoffanteil und bis zu 8 Stunden formstabil!\" \/>\n<meta property=\"og:url\" content=\"https:\/\/www.nebily.com\/shop\/feuerwehr-produkte\/detia-wespenschaum-300ml\/\" \/>\n<meta property=\"og:site_name\" content=\"NEBILY Ges.m.b.H.\" \/>\n<meta property=\"article:publisher\" content=\"https:\/\/www.facebook.com\/NebilyGesmbH\/\" \/>\n<meta property=\"article:modified_time\" content=\"2026-04-26T19:33:05+00:00\" \/>\n<meta property=\"og:image\" content=\"https:\/\/www.nebily.com\/shop\/wp-content\/uploads\/1669130757668-477-Detia-Wespenschaum-300ml-1.jpeg-1200Wx1200H.jpg\" \/>\n\t<meta property=\"og:image:width\" content=\"1200\" \/>\n\t<meta property=\"og:image:height\" content=\"1200\" \/>\n\t<meta property=\"og:image:type\" content=\"image\/jpeg\" \/>\n<meta name=\"twitter:card\" content=\"summary_large_image\" \/>\n<meta name=\"twitter:label1\" content=\"Gesch\u00e4tzte Lesezeit\" \/>\n\t<meta name=\"twitter:data1\" content=\"2\u00a0Minuten\" \/>\n<script type=\"application\/ld+json\" class=\"yoast-schema-graph\">{\"@context\":\"https:\/\/schema.org\",\"@graph\":[{\"@type\":\"WebPage\",\"@id\":\"https:\/\/www.nebily.com\/shop\/feuerwehr-produkte\/detia-wespenschaum-300ml\/\",\"url\":\"https:\/\/www.nebily.com\/shop\/feuerwehr-produkte\/detia-wespenschaum-300ml\/\",\"name\":\"Detia Wespenschaum 300 ml | NEBILY Online Shop\",\"isPartOf\":{\"@id\":\"https:\/\/www.nebily.com\/shop\/#website\"},\"primaryImageOfPage\":{\"@id\":\"https:\/\/www.nebily.com\/shop\/feuerwehr-produkte\/detia-wespenschaum-300ml\/#primaryimage\"},\"image\":{\"@id\":\"https:\/\/www.nebily.com\/shop\/feuerwehr-produkte\/detia-wespenschaum-300ml\/#primaryimage\"},\"thumbnailUrl\":\"https:\/\/www.nebily.com\/shop\/wp-content\/uploads\/1669130757668-477-Detia-Wespenschaum-300ml-1.jpeg-1200Wx1200H.jpg\",\"datePublished\":\"2024-08-21T06:38:35+00:00\",\"dateModified\":\"2026-04-26T19:33:05+00:00\",\"description\":\"Schaumformulierung zur sicheren und zuverl\u00e4ssigen Bek\u00e4mpfung von Wespen mit hohem Wirkstoffanteil und bis zu 8 Stunden formstabil!\",\"breadcrumb\":{\"@id\":\"https:\/\/www.nebily.com\/shop\/feuerwehr-produkte\/detia-wespenschaum-300ml\/#breadcrumb\"},\"inLanguage\":\"de\",\"potentialAction\":[{\"@type\":\"ReadAction\",\"target\":[\"https:\/\/www.nebily.com\/shop\/feuerwehr-produkte\/detia-wespenschaum-300ml\/\"]}]},{\"@type\":\"ImageObject\",\"inLanguage\":\"de\",\"@id\":\"https:\/\/www.nebily.com\/shop\/feuerwehr-produkte\/detia-wespenschaum-300ml\/#primaryimage\",\"url\":\"https:\/\/www.nebily.com\/shop\/wp-content\/uploads\/1669130757668-477-Detia-Wespenschaum-300ml-1.jpeg-1200Wx1200H.jpg\",\"contentUrl\":\"https:\/\/www.nebily.com\/shop\/wp-content\/uploads\/1669130757668-477-Detia-Wespenschaum-300ml-1.jpeg-1200Wx1200H.jpg\",\"width\":1200,\"height\":1200},{\"@type\":\"BreadcrumbList\",\"@id\":\"https:\/\/www.nebily.com\/shop\/feuerwehr-produkte\/detia-wespenschaum-300ml\/#breadcrumb\",\"itemListElement\":[{\"@type\":\"ListItem\",\"position\":1,\"name\":\"Home\",\"item\":\"https:\/\/www.nebily.com\/shop\/\"},{\"@type\":\"ListItem\",\"position\":2,\"name\":\"Shop\",\"item\":\"https:\/\/www.nebily.com\/shop\/\"},{\"@type\":\"ListItem\",\"position\":3,\"name\":\"Detia Wespenschaum 300ml\"}]},{\"@type\":\"WebSite\",\"@id\":\"https:\/\/www.nebily.com\/shop\/#website\",\"url\":\"https:\/\/www.nebily.com\/shop\/\",\"name\":\"NEBILY Ges.m.b.H.\",\"description\":\"\",\"potentialAction\":[{\"@type\":\"SearchAction\",\"target\":{\"@type\":\"EntryPoint\",\"urlTemplate\":\"https:\/\/www.nebily.com\/shop\/?s={search_term_string}\"},\"query-input\":{\"@type\":\"PropertyValueSpecification\",\"valueRequired\":true,\"valueName\":\"search_term_string\"}}],\"inLanguage\":\"de\"}]}<\/script>\n<!-- \/ Yoast SEO plugin. -->","yoast_head_json":{"title":"Detia Wespenschaum 300 ml | NEBILY Online Shop","description":"Schaumformulierung zur sicheren und zuverl\u00e4ssigen Bek\u00e4mpfung von Wespen mit hohem Wirkstoffanteil und bis zu 8 Stunden formstabil!","robots":{"index":"index","follow":"follow","max-snippet":"max-snippet:-1","max-image-preview":"max-image-preview:large","max-video-preview":"max-video-preview:-1"},"canonical":"https:\/\/www.nebily.com\/shop\/feuerwehr-produkte\/detia-wespenschaum-300ml\/","og_locale":"de_DE","og_type":"article","og_title":"Detia Wespenschaum 300 ml | NEBILY Online Shop","og_description":"Schaumformulierung zur sicheren und zuverl\u00e4ssigen Bek\u00e4mpfung von Wespen mit hohem Wirkstoffanteil und bis zu 8 Stunden formstabil!","og_url":"https:\/\/www.nebily.com\/shop\/feuerwehr-produkte\/detia-wespenschaum-300ml\/","og_site_name":"NEBILY Ges.m.b.H.","article_publisher":"https:\/\/www.facebook.com\/NebilyGesmbH\/","article_modified_time":"2026-04-26T19:33:05+00:00","og_image":[{"width":1200,"height":1200,"url":"https:\/\/www.nebily.com\/shop\/wp-content\/uploads\/1669130757668-477-Detia-Wespenschaum-300ml-1.jpeg-1200Wx1200H.jpg","type":"image\/jpeg"}],"twitter_card":"summary_large_image","twitter_misc":{"Gesch\u00e4tzte Lesezeit":"2\u00a0Minuten"},"schema":{"@context":"https:\/\/schema.org","@graph":[{"@type":"WebPage","@id":"https:\/\/www.nebily.com\/shop\/feuerwehr-produkte\/detia-wespenschaum-300ml\/","url":"https:\/\/www.nebily.com\/shop\/feuerwehr-produkte\/detia-wespenschaum-300ml\/","name":"Detia Wespenschaum 300 ml | NEBILY Online Shop","isPartOf":{"@id":"https:\/\/www.nebily.com\/shop\/#website"},"primaryImageOfPage":{"@id":"https:\/\/www.nebily.com\/shop\/feuerwehr-produkte\/detia-wespenschaum-300ml\/#primaryimage"},"image":{"@id":"https:\/\/www.nebily.com\/shop\/feuerwehr-produkte\/detia-wespenschaum-300ml\/#primaryimage"},"thumbnailUrl":"https:\/\/www.nebily.com\/shop\/wp-content\/uploads\/1669130757668-477-Detia-Wespenschaum-300ml-1.jpeg-1200Wx1200H.jpg","datePublished":"2024-08-21T06:38:35+00:00","dateModified":"2026-04-26T19:33:05+00:00","description":"Schaumformulierung zur sicheren und zuverl\u00e4ssigen Bek\u00e4mpfung von Wespen mit hohem Wirkstoffanteil und bis zu 8 Stunden formstabil!","breadcrumb":{"@id":"https:\/\/www.nebily.com\/shop\/feuerwehr-produkte\/detia-wespenschaum-300ml\/#breadcrumb"},"inLanguage":"de","potentialAction":[{"@type":"ReadAction","target":["https:\/\/www.nebily.com\/shop\/feuerwehr-produkte\/detia-wespenschaum-300ml\/"]}]},{"@type":"ImageObject","inLanguage":"de","@id":"https:\/\/www.nebily.com\/shop\/feuerwehr-produkte\/detia-wespenschaum-300ml\/#primaryimage","url":"https:\/\/www.nebily.com\/shop\/wp-content\/uploads\/1669130757668-477-Detia-Wespenschaum-300ml-1.jpeg-1200Wx1200H.jpg","contentUrl":"https:\/\/www.nebily.com\/shop\/wp-content\/uploads\/1669130757668-477-Detia-Wespenschaum-300ml-1.jpeg-1200Wx1200H.jpg","width":1200,"height":1200},{"@type":"BreadcrumbList","@id":"https:\/\/www.nebily.com\/shop\/feuerwehr-produkte\/detia-wespenschaum-300ml\/#breadcrumb","itemListElement":[{"@type":"ListItem","position":1,"name":"Home","item":"https:\/\/www.nebily.com\/shop\/"},{"@type":"ListItem","position":2,"name":"Shop","item":"https:\/\/www.nebily.com\/shop\/"},{"@type":"ListItem","position":3,"name":"Detia Wespenschaum 300ml"}]},{"@type":"WebSite","@id":"https:\/\/www.nebily.com\/shop\/#website","url":"https:\/\/www.nebily.com\/shop\/","name":"NEBILY Ges.m.b.H.","description":"","potentialAction":[{"@type":"SearchAction","target":{"@type":"EntryPoint","urlTemplate":"https:\/\/www.nebily.com\/shop\/?s={search_term_string}"},"query-input":{"@type":"PropertyValueSpecification","valueRequired":true,"valueName":"search_term_string"}}],"inLanguage":"de"}]}},"_links":{"self":[{"href":"https:\/\/www.nebily.com\/shop\/wp-json\/wp\/v2\/product\/11046","targetHints":{"allow":["GET"]}}],"collection":[{"href":"https:\/\/www.nebily.com\/shop\/wp-json\/wp\/v2\/product"}],"about":[{"href":"https:\/\/www.nebily.com\/shop\/wp-json\/wp\/v2\/types\/product"}],"replies":[{"embeddable":true,"href":"https:\/\/www.nebily.com\/shop\/wp-json\/wp\/v2\/comments?post=11046"}],"wp:featuredmedia":[{"embeddable":true,"href":"https:\/\/www.nebily.com\/shop\/wp-json\/wp\/v2\/media\/11047"}],"wp:attachment":[{"href":"https:\/\/www.nebily.com\/shop\/wp-json\/wp\/v2\/media?parent=11046"}],"curies":[{"name":"wp","href":"https:\/\/api.w.org\/{rel}","templated":true}]}}